{"id":1608,"date":"2019-08-29T15:48:33","date_gmt":"2019-08-30T01:48:33","guid":{"rendered":"http:\/\/ehooululahui.maui.hawaii.edu\/?page_id=1608"},"modified":"2019-09-06T10:04:47","modified_gmt":"2019-09-06T20:04:47","slug":"whens-like-%ca%bbole","status":"publish","type":"page","link":"https:\/\/ehooululahui.maui.hawaii.edu\/?page_id=1608","title":{"rendered":"Whens Like \u02bbOle"},"content":{"rendered":"<style type=\"text\/css\"> \n#cmsmasters_row_69f2e417c6a06 .cmsmasters_row_outer_parent { \n\tpadding-top: 30px; \n} \n\n#cmsmasters_row_69f2e417c6a06 .cmsmasters_row_outer_parent { \n\tpadding-bottom: 0px; \n} \n\n \n#cmsmasters_row_69f2e417c9b46 .cmsmasters_row_outer_parent { \n\tpadding-top: 0px; \n} \n\n#cmsmasters_row_69f2e417c9b46 .cmsmasters_row_outer_parent { \n\tpadding-bottom: 0px; \n} \n\n \n#cmsmasters_heading_69f2e417c9cb5 { \n\ttext-align:left; \n\tmargin-top:15px; \n\tmargin-bottom:10px; \n} \n\n#cmsmasters_heading_69f2e417c9cb5 .cmsmasters_heading { \n\ttext-align:left; \n\tmargin-right:1em; \n} \n\n#cmsmasters_heading_69f2e417c9cb5 .cmsmasters_heading, #cmsmasters_heading_69f2e417c9cb5 .cmsmasters_heading a { \n\tfont-weight:bold; \n\tfont-style:normal; \n} \n\n#cmsmasters_heading_69f2e417c9cb5 .cmsmasters_heading_divider { \n\tborder-bottom-width:11px; \n\tborder-bottom-style:solid; \n\tborder-bottom-color:#e05228;\n\tmargin-top:-6px; \n} \n\n \n#cmsmasters_row_69f2e417c9d76 .cmsmasters_row_outer_parent { \n\tpadding-top: 0px; \n} \n\n#cmsmasters_row_69f2e417c9d76 .cmsmasters_row_outer_parent { \n\tpadding-bottom: 30px; \n} \n\n \n#cmsmasters_row_69f2e417c9eb0 .cmsmasters_row_outer_parent { \n\tpadding-top: 0px; \n} \n\n#cmsmasters_row_69f2e417c9eb0 .cmsmasters_row_outer_parent { \n\tpadding-bottom: 50px; \n} \n\n \n#cmsmasters_heading_69f2e417ca313 { \n\ttext-align:left; \n\tmargin-top:15px; \n\tmargin-bottom:10px; \n} \n\n#cmsmasters_heading_69f2e417ca313 .cmsmasters_heading { \n\ttext-align:left; \n\tmargin-right:1em; \n} \n\n#cmsmasters_heading_69f2e417ca313 .cmsmasters_heading, #cmsmasters_heading_69f2e417ca313 .cmsmasters_heading a { \n\tfont-weight:bold; \n\tfont-style:normal; \n} \n\n#cmsmasters_heading_69f2e417ca313 .cmsmasters_heading_divider { \n\tborder-bottom-width:11px; \n\tborder-bottom-style:solid; \n\tborder-bottom-color:#e05228;\n\tmargin-top:-6px; \n} \n\n \n#cmsmasters_row_69f2e417ca80f .cmsmasters_row_outer_parent { \n\tpadding-top: 0px; \n} \n\n#cmsmasters_row_69f2e417ca80f .cmsmasters_row_outer_parent { \n\tpadding-bottom: 50px; \n} \n\n \n#cmsmasters_heading_69f2e417caf1d { \n\ttext-align:left; \n\tmargin-top:15px; \n\tmargin-bottom:10px; \n} \n\n#cmsmasters_heading_69f2e417caf1d .cmsmasters_heading { \n\ttext-align:left; \n\tmargin-right:1em; \n} \n\n#cmsmasters_heading_69f2e417caf1d .cmsmasters_heading, #cmsmasters_heading_69f2e417caf1d .cmsmasters_heading a { \n\tfont-weight:bold; \n\tfont-style:normal; \n} \n\n#cmsmasters_heading_69f2e417caf1d .cmsmasters_heading_divider { \n\tborder-bottom-width:11px; \n\tborder-bottom-style:solid; \n\tborder-bottom-color:#e05228;\n\tmargin-top:-6px; \n} \n\n \n#cmsmasters_row_69f2e417cb887 .cmsmasters_row_outer_parent { \n\tpadding-top: 0px; \n} \n\n#cmsmasters_row_69f2e417cb887 .cmsmasters_row_outer_parent { \n\tpadding-bottom: 50px; \n} \n\n \n#cmsmasters_heading_69f2e417cb9e9 { \n\ttext-align:left; \n\tmargin-top:15px; \n\tmargin-bottom:10px; \n} \n\n#cmsmasters_heading_69f2e417cb9e9 .cmsmasters_heading { \n\ttext-align:left; \n\tmargin-right:1em; \n} \n\n#cmsmasters_heading_69f2e417cb9e9 .cmsmasters_heading, #cmsmasters_heading_69f2e417cb9e9 .cmsmasters_heading a { \n\tfont-weight:bold; \n\tfont-style:normal; \n} \n\n#cmsmasters_heading_69f2e417cb9e9 .cmsmasters_heading_divider { \n\tborder-bottom-width:11px; \n\tborder-bottom-style:solid; \n\tborder-bottom-color:#e05228;\n\tmargin-top:-6px; \n} \n\n \n#cmsmasters_row_69f2e417cbacf .cmsmasters_row_outer_parent { \n\tpadding-top: 0px; \n} \n\n#cmsmasters_row_69f2e417cbacf .cmsmasters_row_outer_parent { \n\tpadding-bottom: 50px; \n} \n\n<\/style><div id=\"cmsmasters_row_69f2e417c6a06\" class=\"cmsmasters_row cmsmasters_color_scheme_default cmsmasters_row_top_default cmsmasters_row_bot_default cmsmasters_row_boxed\">\n<div class=\"cmsmasters_row_outer_parent\">\n<div class=\"cmsmasters_row_outer\">\n<div class=\"cmsmasters_row_inner\">\n<div class=\"cmsmasters_row_margin\">\n<div class=\"cmsmasters_column one_half\">\n<div class=\"cmsmasters_embed_wrap\">\n<iframe title=\"\u02bbOiai\" width=\"500\" height=\"281\" src=\"https:\/\/www.youtube.com\/embed\/kyzyObFQxGA?feature=oembed\" frameborder=\"0\" allow=\"accelerometer; autoplay; encrypted-media; gyroscope; picture-in-picture\" allowfullscreen><\/iframe><\/div>\n<\/div>\n<div class=\"cmsmasters_column one_half\">\n<div class=\"cmsmasters_embed_wrap\">\n<iframe title=\"K\u0101hulu Pepeke B &quot;when&quot; #1\" width=\"500\" height=\"281\" src=\"https:\/\/www.youtube.com\/embed\/pW1QnEyq8Lg?feature=oembed\" frameborder=\"0\" allow=\"accelerometer; autoplay; encrypted-media; gyroscope; picture-in-picture\" allowfullscreen><\/iframe><\/div>\n<\/div>\n<\/div>\n<\/div>\n<\/div>\n<\/div>\n<\/div>\n<div id=\"cmsmasters_row_69f2e417c9b46\" class=\"cmsmasters_row cmsmasters_color_scheme_default cmsmasters_row_top_default cmsmasters_row_bot_default cmsmasters_row_boxed\">\n<div class=\"cmsmasters_row_outer_parent\">\n<div class=\"cmsmasters_row_outer\">\n<div class=\"cmsmasters_row_inner\">\n<div class=\"cmsmasters_row_margin\">\n<div class=\"cmsmasters_column one_first\">\n\n<div id=\"cmsmasters_heading_69f2e417c9cb5\" class=\"cmsmasters_heading_wrap cmsmasters_heading_align_left cmsmasters_heading_divider_long\">\n\t<h3 class=\"cmsmasters_heading\">No\u02bbeau Warner Guidelines<\/h3>\n<span class=\"cmsmasters_heading_divider_right_wrap\"><span class=\"cmsmasters_heading_divider cmsmasters_heading_divider_right\"><\/span><\/span>\n<\/div>\n<\/div>\n<\/div>\n<\/div>\n<\/div>\n<\/div>\n<\/div>\n<div id=\"cmsmasters_row_69f2e417c9d76\" class=\"cmsmasters_row cmsmasters_color_scheme_default cmsmasters_row_top_default cmsmasters_row_bot_default cmsmasters_row_boxed\">\n<div class=\"cmsmasters_row_outer_parent\">\n<div class=\"cmsmasters_row_outer\">\n<div class=\"cmsmasters_row_inner\">\n<div class=\"cmsmasters_row_margin\">\n<div class=\"cmsmasters_column one_half\">\n<\/div>\n<div class=\"cmsmasters_column one_half\">\n<\/div>\n<\/div>\n<\/div>\n<\/div>\n<\/div>\n<\/div>\n<div id=\"cmsmasters_row_69f2e417c9eb0\" class=\"cmsmasters_row cmsmasters_color_scheme_default cmsmasters_row_top_default cmsmasters_row_bot_default cmsmasters_row_boxed\">\n<div class=\"cmsmasters_row_outer_parent\">\n<div class=\"cmsmasters_row_outer\">\n<div class=\"cmsmasters_row_inner\">\n<div class=\"cmsmasters_row_margin\">\n<div class=\"cmsmasters_column one_first\">\n\n<div id=\"cmsmasters_heading_69f2e417ca313\" class=\"cmsmasters_heading_wrap cmsmasters_heading_align_left cmsmasters_heading_divider_long\">\n\t<h3 class=\"cmsmasters_heading\">Kaleikoa Explanation<\/h3>\n<span class=\"cmsmasters_heading_divider_right_wrap\"><span class=\"cmsmasters_heading_divider cmsmasters_heading_divider_right\"><\/span><\/span>\n<\/div><div class=\"cmsmasters_text\">\n<h3 id=\"sites-page-title-header\" style=\"text-align: center;\" align=\"left\"><strong><span id=\"sites-page-title\" dir=\"ltr\" tabindex=\"-1\">Aia n\u014d ABC ke painu nei<\/span><\/strong><\/h3>\n<div style=\"text-align: center;\">Aia n\u014d ABC ke painu nei (still yet)<\/div>\n<div style=\"text-align: center;\">Aia no &#8216;o ia ke hele nei i ke kula.<\/div>\n<p style=\"text-align: center;\">She is still going to school<\/p>\n<h3 dir=\"ltr\" style=\"text-align: center;\"><b>Aia n\u014d PIKO ke painu nei<\/b><\/h3>\n<div dir=\"ltr\" style=\"text-align: center;\">Aia n\u014d \u02bbo ia ma \u02bbane\u02bbi.<\/div>\n<div dir=\"ltr\" style=\"text-align: center;\">Aia n\u014d kona mau k\u016bpuna ke ola nei ma loko o ke aw\u0101wa.<\/div>\n<p dir=\"ltr\" style=\"text-align: center;\">Aia n\u014d paha ka heiau ke k\u016b nei?<\/p>\n<h3 dir=\"ltr\" style=\"text-align: center;\"><b>a painu<\/b><\/h3>\n<div dir=\"ltr\" style=\"text-align: center;\">E kali \u02bbolua a hiki i ko\u02bbu ho\u02bbi \u02bbana mai.<\/div>\n<div dir=\"ltr\" style=\"text-align: center;\">\u02bbA\u02bbole paha \u02bbo Kimo i ha\u02bbi i n\u0101 keiki a pau.<\/div>\n<div style=\"text-align: center;\">E hiamoe ana l\u0101ua a lohe \u02bbia ke kani a ka moa.<\/div>\n<p style=\"text-align: center;\">A pau k\u0113l\u0101&#8230;<\/p>\n<h3 style=\"text-align: center;\"><b>A painu (when)<\/b><\/h3>\n<p style=\"text-align: center;\">A pau ka \u02bbai \u02bbana<\/p>\n<div><\/div>\n<\/div>\n<\/div>\n<\/div>\n<\/div>\n<\/div>\n<\/div>\n<\/div>\n<div id=\"cmsmasters_row_69f2e417ca80f\" class=\"cmsmasters_row cmsmasters_color_scheme_default cmsmasters_row_top_default cmsmasters_row_bot_default cmsmasters_row_boxed\">\n<div class=\"cmsmasters_row_outer_parent\">\n<div class=\"cmsmasters_row_outer\">\n<div class=\"cmsmasters_row_inner\">\n<div class=\"cmsmasters_row_margin\">\n<div class=\"cmsmasters_column one_first\">\n\n<div id=\"cmsmasters_heading_69f2e417caf1d\" class=\"cmsmasters_heading_wrap cmsmasters_heading_align_left cmsmasters_heading_divider_long\">\n\t<h3 class=\"cmsmasters_heading\">Examples<\/h3>\n<span class=\"cmsmasters_heading_divider_right_wrap\"><span class=\"cmsmasters_heading_divider cmsmasters_heading_divider_right\"><\/span><\/span>\n<\/div><div class=\"cmsmasters_text\">\n<p><span style=\"text-decoration: underline;\">I loa no<\/span><\/p>\n<div>a. I loa n\u014d a wehe \u02bbia ka puka\u2026<\/div>\n<div>b. I loa n\u014d \u02bbo ia a ha\u02bbalele i k\u0113l\u0101 lumi\u2026<\/div>\n<div>c. I loa n\u014d a loa\u02bba ka\u02bbu k\u0101l\u0101\u2026<\/div>\n<div>d. As soon as the car was sold&#8230;<\/div>\n<div>e. No sooner had his name was called&#8230;<\/div>\n<p>f. As soon as she found the letter&#8230;<\/p>\n<h4 style=\"text-align: center;\"><strong>\u02bbAukelenuia\u02bb\u012bk\u016b<\/strong><\/h4>\n<p><span style=\"text-decoration: underline;\">I n\u0101n\u0101 aku ka hana o Keola<\/span><\/p>\n<p>Ua like ka mana\u02bbo o k\u0113ia m\u0101mala \u02bb\u014dlelo me ka mana\u02bbo o \u201cI ka n\u0101n\u0101 \u02bbana o<br \/>\nKeola&#8230;\u201d, \u201cI ka manawa a Keola i n\u0101n\u0101 ai&#8230;\u201d, a me \u201ci\u0101 Keola i n\u0101n\u0101 ai&#8230;\u201d<\/p>\n<div>E n\u0101n\u0101 i n\u0101 la\u02bbana ma lalo iho:<\/div>\n<p>&#8211; Ua komo mai \u02bbo Lei i ka lumi, a i n\u0101na aku ka hana&#8230;<br \/>\n&#8211; Ua komo mai \u02bbo Lei i ka lumi, a i kona n\u0101n\u0101 \u02bbana aku&#8230;<br \/>\n&#8211; Ua komo mai \u02bbo Lei i ka lumi, a i ka manawa \u0101na i n\u0101n\u0101 aku ai&#8230;<br \/>\n&#8211; Ua komo mai \u02bbo Lei i ka lumi, a i\u0101 ia i n\u0101n\u0101 ai&#8230;<br \/>\n&#8211; I ho\u02bbolohe aku ka hana, ua lohe n\u0101 keiki i n\u0101 manu.<br \/>\n&#8211; I ka ho\u02bbolohe \u02bbana aku, ua lohe n\u0101 keiki i n\u0101 manu.<br \/>\n&#8211; I ka manawa a n\u0101 keiki i ho\u02bbolohe aku ai, ua lohe i n\u0101 manu.<br \/>\n&#8211; I n\u0101 keiki i ho\u02bbolohe aku ai, ua lohe i n\u0101 manu.<\/p>\n<div><span style=\"text-decoration: underline;\">\u02bba\u02bbole e kala wale<\/span><\/div>\n<div>\u02bbO ka mana\u02bbo o \u201ckala\u201d \u02bbo ia ka l\u014d\u02bbihi loa o ka manawa. A he mea ma\u02bba mau ka<br \/>\nhahai \u02bbia \u02bbana o \u201ckala\u201d me n\u0101 hua\u02bb\u014dlelo \u02bbo \u201cloa\u201d, \u201cwale\u201d, a me \u201ckahiko\u201d. In\u0101<br \/>\nkau ka hua\u02bb\u014dlelo \u02bbo \u201c \u02bba\u02bbole\u201d ma mua o \u201ckala\u201d, a laila, \u02bbo ka mana\u02bbo, \u02bbo ia ho\u02bbi,<br \/>\n\u02bbano l\u014d\u02bbihi ka manawa.<br \/>\n&#8211; \u201c \u02bbA\u02bbole i kala ka noho \u02bbana o n\u0101 Haole ma \u02bbane\u02bbi.\u201d \u02bbO ia ho\u02bbi, ua noho ka po\u02bbe<br \/>\nHaole ma \u02bbane\u02bbi no ka manawa l\u014d\u02bbihi, n\u0101 makahiki he nui wale.<\/div>\n<div><\/div>\n<div>\n<div><span style=\"text-decoration: underline;\">I pi\u02bbi \u02bboe a loa\u02bba ko kaikaina&#8230;<\/span><\/div>\n<div>Ua like ka mana\u02bbo me \u201cKe pi\u02bbi \u02bboe a loa\u02bba ko kaikaina&#8230;\u201d<\/div>\n<div><\/div>\n<div>E ho\u02bboh\u0101likelike i n\u0101 la\u02bbana:<\/div>\n<p>&#8211; I hele \u02bboe i ka halek\u016b\u02bbai, e k\u016b\u02bbai i ke koloaka.<br \/>\n&#8211; Ke hele \u02bboe i ka halek\u016b\u02bbai, e k\u016b\u02bbai i ke koloaka.<br \/>\n&#8211; I \u02bbike \u02bboe i kou m\u0101m\u0101, e aloha aku i\u0101 ia.<br \/>\n&#8211; Ke \u02bbike \u02bboe i kou m\u0101m\u0101, e aloha aku i\u0101 ia.<\/p>\n<h4 style=\"text-align: center;\"><strong>Punia<\/strong><\/h4>\n<div>I h\u0101k\u0101lia n\u014d a&#8230;<br \/>\nHe \u02bb\u014dlelo \u02bbikioma. E ho\u02bboh\u0101likelike mai i na la\u02bbana ma lalo iho:<\/div>\n<div>1) a) I h\u0101k\u0101lia n\u014d a hala n\u0101 man\u014d ma k\u0113l\u0101 wahi, ua pakele \u02bbo Punia.<br \/>\ne) I n\u0101 man\u014d n\u014d a hala ma k\u0113l\u0101 wahi, ua pakele \u02bbo Punia.<\/div>\n<div>2) a) I h\u0101k\u0101lia n\u014d a komo mai \u02bbo ia i ka lumi, ua ho\u02bbomaka \u02bbo ia e u\u0113.<br \/>\ne) I\u0101 ia n\u014d a komo mai i ka lumi, ua ho\u02bbomaka \u02bbo ia e u\u0113.<\/div>\n<div>3) a) I h\u0101kalia n\u014d a k\u0101hea aku \u02bbo Kaleo, ua pane mai \u02bbo Kanani.<br \/>\ne) I\u0101 Kaleo n\u0101 a k\u0101hea aku, ua pane mai \u02bbo Kanani.<\/div>\n<div>4) a) I h\u0101k\u0101lia n\u014d a k\u016b\u02bbai \u02bbia ke kanak\u0113, ua pau i ka \u02bbai \u02bbia.<br \/>\ne) I ke kanak\u0113 n\u014d a k\u016b\u02bbai \u02bbia, ua pau i ka \u02bbai \u02bbia.<\/div>\n<\/div>\n<\/div>\n<\/div>\n<\/div>\n<\/div>\n<\/div>\n<\/div>\n<\/div>\n<div id=\"cmsmasters_row_69f2e417cb887\" class=\"cmsmasters_row cmsmasters_color_scheme_default cmsmasters_row_top_default cmsmasters_row_bot_default cmsmasters_row_boxed\">\n<div class=\"cmsmasters_row_outer_parent\">\n<div class=\"cmsmasters_row_outer\">\n<div class=\"cmsmasters_row_inner\">\n<div class=\"cmsmasters_row_margin\">\n<div class=\"cmsmasters_column one_first\">\n\n<div id=\"cmsmasters_heading_69f2e417cb9e9\" class=\"cmsmasters_heading_wrap cmsmasters_heading_align_left cmsmasters_heading_divider_long\">\n\t<h3 class=\"cmsmasters_heading\">Palapala<\/h3>\n<span class=\"cmsmasters_heading_divider_right_wrap\"><span class=\"cmsmasters_heading_divider cmsmasters_heading_divider_right\"><\/span><\/span>\n<\/div>\n<\/div>\n<\/div>\n<\/div>\n<\/div>\n<\/div>\n<\/div>\n<div id=\"cmsmasters_row_69f2e417cbacf\" class=\"cmsmasters_row cmsmasters_color_scheme_default cmsmasters_row_top_default cmsmasters_row_bot_default cmsmasters_row_boxed\">\n<div class=\"cmsmasters_row_outer_parent\">\n<div class=\"cmsmasters_row_outer\">\n<div class=\"cmsmasters_row_inner\">\n<div class=\"cmsmasters_row_margin\">\n<div class=\"cmsmasters_column one_half\">\n<div class=\"cmsmasters_text\">\n<p><a href=\"http:\/\/ehooululahui.maui.hawaii.edu\/wp-content\/uploads\/2019\/08\/Whens-like-ole.pdf\" target=\"_blank\" rel=\"noopener noreferrer\">Whens like ole<\/a><\/p>\n<p><a href=\"http:\/\/ehooululahui.maui.hawaii.edu\/wp-content\/uploads\/2018\/12\/Cinderella-Analula-1A.pdf\" target=\"_blank\" rel=\"noopener noreferrer\">Cinderella Analula 1A<\/a><\/p>\n<p><a href=\"http:\/\/ehooululahui.maui.hawaii.edu\/wp-content\/uploads\/2019\/08\/\u02bbOiai.pdf\" target=\"_blank\" rel=\"noopener noreferrer\">\u02bbOiai<\/a><\/p>\n<\/div>\n<\/div>\n<div class=\"cmsmasters_column one_half\">\n<div class=\"cmsmasters_text\">\n<p><a href=\"http:\/\/ehooululahui.maui.hawaii.edu\/wp-content\/uploads\/2019\/08\/Ka\u0304hulu-Pepeke-Painu-B.pdf\" target=\"_blank\" rel=\"noopener noreferrer\">Ka\u0304hulu Pepeke Painu B<\/a><\/p>\n<p><a href=\"http:\/\/ehooululahui.maui.hawaii.edu\/wp-content\/uploads\/2019\/08\/When_While\u2026KPP.pdf\" target=\"_blank\" rel=\"noopener noreferrer\">When_While\u2026KPP<\/a><\/p>\n<p><a href=\"http:\/\/ehooululahui.maui.hawaii.edu\/wp-content\/uploads\/2019\/08\/\u201cWhen-\u2026-While\u2026-Ki\u02bba-Painu-Google-Docs\u201d.pdf\" target=\"_blank\" rel=\"noopener noreferrer\">When \u2026 &#8211; While\u2026 Ki\u02bba Painu<\/a><\/p>\n<\/div>\n<\/div>\n<\/div>\n<\/div>\n<\/div>\n<\/div>\n<\/div>\n\n","protected":false},"excerpt":{"rendered":"","protected":false},"author":1,"featured_media":0,"parent":1071,"menu_order":0,"comment_status":"closed","ping_status":"closed","template":"","meta":[],"_links":{"self":[{"href":"https:\/\/ehooululahui.maui.hawaii.edu\/index.php?rest_route=\/wp\/v2\/pages\/1608"}],"collection":[{"href":"https:\/\/ehooululahui.maui.hawaii.edu\/index.php?rest_route=\/wp\/v2\/pages"}],"about":[{"href":"https:\/\/ehooululahui.maui.hawaii.edu\/index.php?rest_route=\/wp\/v2\/types\/page"}],"author":[{"embeddable":true,"href":"https:\/\/ehooululahui.maui.hawaii.edu\/index.php?rest_route=\/wp\/v2\/users\/1"}],"replies":[{"embeddable":true,"href":"https:\/\/ehooululahui.maui.hawaii.edu\/index.php?rest_route=%2Fwp%2Fv2%2Fcomments&post=1608"}],"version-history":[{"count":10,"href":"https:\/\/ehooululahui.maui.hawaii.edu\/index.php?rest_route=\/wp\/v2\/pages\/1608\/revisions"}],"predecessor-version":[{"id":1753,"href":"https:\/\/ehooululahui.maui.hawaii.edu\/index.php?rest_route=\/wp\/v2\/pages\/1608\/revisions\/1753"}],"up":[{"embeddable":true,"href":"https:\/\/ehooululahui.maui.hawaii.edu\/index.php?rest_route=\/wp\/v2\/pages\/1071"}],"wp:attachment":[{"href":"https:\/\/ehooululahui.maui.hawaii.edu\/index.php?rest_route=%2Fwp%2Fv2%2Fmedia&parent=1608"}],"curies":[{"name":"wp","href":"https:\/\/api.w.org\/{rel}","templated":true}]}}