{"id":1970,"date":"2020-01-24T15:46:33","date_gmt":"2020-01-25T01:46:33","guid":{"rendered":"http:\/\/ehooululahui.maui.hawaii.edu\/?page_id=1970"},"modified":"2020-01-24T15:46:33","modified_gmt":"2020-01-25T01:46:33","slug":"%ca%bbumi-mokuna-%ca%bbekahi","status":"publish","type":"page","link":"https:\/\/ehooululahui.maui.hawaii.edu\/?page_id=1970","title":{"rendered":"\u02bbUmi: Mokuna \u02bbEkahi"},"content":{"rendered":"<style type=\"text\/css\"> \n#cmsmasters_row_69d4139541ff7 { \n\tbackground-color:#f8ecc2;\n} \n\n#cmsmasters_row_69d4139541ff7 .cmsmasters_row_outer_parent { \n\tpadding-top: 50px; \n} \n\n#cmsmasters_row_69d4139541ff7 .cmsmasters_row_outer_parent { \n\tpadding-bottom: 50px; \n} \n\n \n#cmsmasters_divider_69d4139543057 { \n\tborder-bottom-width:1px; \n\tborder-bottom-style:solid; \n\tpadding-top:5px; \n\tmargin-bottom:30px; \n\tborder-bottom-color:rgba(0,0,0,0.5);\n} \n<\/style><div id=\"cmsmasters_row_69d4139541ff7\" class=\"cmsmasters_row cmsmasters_color_scheme_default cmsmasters_row_top_default cmsmasters_row_bot_default cmsmasters_row_boxed\">\n<div class=\"cmsmasters_row_outer_parent\">\n<div class=\"cmsmasters_row_outer\">\n<div class=\"cmsmasters_row_inner\">\n<div class=\"cmsmasters_row_margin\">\n<div class=\"cmsmasters_column one_first\">\n<div class=\"custom_html\">\n<iframe width=\"100%\" height=\"20\" scrolling=\"no\" frameborder=\"no\" allow=\"autoplay\" src=\"https:\/\/w.soundcloud.com\/player\/?url=https%3A\/\/api.soundcloud.com\/tracks\/483035232&color=%23ff5500&inverse=false&auto_play=false&show_user=true\"><\/iframe>\n<\/div>\n\n<div id=\"cmsmasters_divider_69d4139543057\" class=\"cmsmasters_divider cmsmasters_divider_width_long cmsmasters_divider_pos_center\"><\/div>\n<div class=\"cmsmasters_text\">\n<h3 class=\"p1\" style=\"text-align: center;\"><span class=\"s1\">N\u0101 K\u016bpuna O \u02bbUmi <\/span><\/h3>\n<p class=\"p3\"><span class=\"s1\">Ua \u02bb\u014dlelo \u02bbia ma k\u0113ia mo\u02bbolelo, he keiki kapa ali\u02bbi \u02bbo \u02bbUmi, ma ka \u02bbao\u02bbao o kona makuahine, o \u02bbAkahiakuleana, a ma ka \u02bbao\u02bbao o L\u012bloa kona makua k\u0101ne, he ali\u02bbi nui mai ke kumu mai, a ma ia \u02bbao\u02bbao, he ali\u02bbi nui \u02bbo \u02bbUmi. Ak\u0101, ma ka ho\u02bbomalo\u02bbo \u02bbana i ka pololei o ka \u02bbao\u02bbao o ka makuahine, loa\u02bba n\u014d he ali\u02bbi nui \u02bbo \u02bbAkahiakuleana, mai loko mai n\u014d o ka mo\u02bbok\u016b\u02bbauhau ali\u02bbi o Hawai\u02bbi.\u00a0<\/span><\/p>\n<p class=\"p3\"><span class=\"s1\">\u02bbO \u02bbUmi ka mea nona k\u0113ia mo\u02bbolelo, ak\u0101, i mea e maopopo ai ka \u02bboia\u02bbi\u02bbo, no laila, e ho\u02bbomaka ka \u02bb\u014dlelo mua no kona kaikua\u02bbana, no H\u0101kau. \u02bbO L\u012bloa ka makua k\u0101ne, \u02bbo Piena ka makuahine, he mau ali\u02bbi l\u0101ua \u02bbelua, he ali\u02bbi ke k\u0101ne, he ali\u02bbi ka wahine. Na l\u0101ua mai \u02bbo H\u0101kau. Ua \u02bb\u014dlelo \u02bbia \u02bbo H\u0101kau he ali\u02bbi nui no Hawai\u02bbi, no ka mea, ua like ke ali\u02bbi nui o kona mau m\u0101kua. \u02bbO Waipi\u02bbo i Hawai\u02bbi kahi noho mau o L\u012bloa me kana wahine, me Piena, a ma laila i loa\u02bba ai \u02bbo H\u0101kau. He ali\u02bbi nui \u02bbai moku \u02bbo L\u012bloa no Hawai\u02bbi a puni.<\/span><\/p>\n<p class=\"p3\"><span class=\"s1\">A h\u0101nau \u02bbo H\u0101kau, ke keiki mua a L\u012bloa me k\u0101na wahine ho\u02bb\u0101o, me Piena, hele akula \u02bbo L\u012bloa mai Waipi\u02bbo aku a hiki i Kohol\u0101lele, ma ka hikina o H\u0101m\u0101kua, e pili ana me Hilo. \u02bbO ke kumu o k\u0113ia hele \u02bbana o L\u012bloa, he kapu heiau n\u0101na i laila; \u02bbo Manini ka inoa o ua heiau l\u0101. A pau ke kapu heiau \u02bbana, hele akula ia a noho ma Ka\u02bb\u0101wikiwiki; \u02bbo kona kumu i noho ai i laila, \u02bbo ka le\u02bbale\u02bba i ka p\u0101he\u02bbe, a me n\u0101 hana le\u02bbale\u02bba a pau loa. I\u0101 ia e noho ana ma laila, hele akula ia i ka \u02bbau\u02bbau wai ma ke kahawai \u02bbo Kahoea, e pili l\u0101 me Kealakaha. I\u0101 ia i hiki ai ma laila, \u02bbike akula ia i ka <\/span><span class=\"s2\">wahine maika\u02bbi o \u02bbAkahiakuleana, e ho\u02bbi mai ana mai lalo mai o ka wai \u02bbau\u02bbau, \u02bba\u02bbohe kapa, a e noho ana kana kauw\u0101 wahine ma kapa, me kona pa\u02bb\u016b.<\/span><\/p>\n<p class=\"p3\"><span class=\"s1\">A \u02bbike \u02bbo L\u012bloa ia ia, ua ho\u02bb\u0101la \u02bbia mai kona mana\u02bbo e hana aku me \u02bbAkahiakuleana, a laila, moe ihola 1\u0101ua. Ma k\u0113ia moe \u02bbana, ua loa\u02bba \u02bbo \u02bbUmi, ka mea nona k\u0113ia mo\u02bbolelo. Ma mua a\u02bbe o ka launa kino \u02bbana o L\u012bloa m\u0101, ua kahe \u02bbo \u02bbAkahiakuleana, a i\u0101 l\u0101ua i moe ai, \u02bbo ia kona mau \u02bbana, no laila, ua loa\u02bba koke ke keiki. <\/span><\/p>\n<h4 class=\"p7\" style=\"text-align: center;\"><span class=\"s1\">Ke K\u016b\u02bbauhau No \u02bbAkahiakuleana, <\/span><\/h4>\n<h4 class=\"p7\" style=\"text-align: center;\"><span class=\"s1\">Ka Makuahine o \u02bbUmi <\/span><\/h4>\n<p class=\"p3\"><span class=\"s1\">Ma \u02bbane\u02bbi e maopopo ai ka pili \u02bbana o \u02bbAkahiakuleana, ma ka mo\u02bbok\u016b\u02bbauhau o L\u012bloa, a p\u0113l\u0101 i maopopo ai he ali\u02bbi nui n\u014d \u02bbo \u02bbUmi. E pono e n\u0101n\u0101 ma lalo iho i n\u0101 kumu i loa\u02bba ai n\u0101 pili. \u02bbO Kanipahu ke kumu o L\u012bloa a me \u02bbAkahiakuleana i pili ai. <\/span><\/p>\n<p class=\"p5\"><span class=\"s1\"><span class=\"Apple-converted-space\">\u00a0 \u00a0<\/span><\/span><\/p>\n<table class=\"t1\" cellspacing=\"0\" cellpadding=\"0\">\n<tbody>\n<tr>\n<td class=\"td1\" valign=\"top\">\n<p class=\"p9\"><span class=\"s3\">K\u0100NE<\/span><\/p>\n<\/td>\n<td class=\"td2\" valign=\"top\">\n<p class=\"p9\"><span class=\"s3\">WAHINE<\/span><\/p>\n<\/td>\n<td class=\"td2\" valign=\"top\">\n<p class=\"p9\"><span class=\"s3\">KEIKI<\/span><\/p>\n<\/td>\n<\/tr>\n<tr>\n<td class=\"td3\" valign=\"top\">\n<p class=\"p10\"><span class=\"s1\">Kanipahu<\/span><\/p>\n<\/td>\n<td class=\"td4\" valign=\"top\">\n<p class=\"p10\"><span class=\"s1\">Alaikauakoko<\/span><\/p>\n<p class=\"p10\"><span class=\"s1\">Hulani<\/span><\/p>\n<\/td>\n<td class=\"td4\" valign=\"top\">\n<p class=\"p10\"><span class=\"s1\">Kalapana<\/span><\/p>\n<p class=\"p10\"><span class=\"s1\">Kal\u0101huimoku<\/span><\/p>\n<\/td>\n<\/tr>\n<tr>\n<td class=\"td5\" valign=\"top\">\n<p class=\"p10\"><span class=\"s1\">Kal\u0101huimoku<\/span><\/p>\n<\/td>\n<td class=\"td6\" valign=\"top\">\n<p class=\"p10\"><span class=\"s1\">La\u02bbamea<\/span><\/p>\n<\/td>\n<td class=\"td6\" valign=\"top\">\n<p class=\"p10\"><span class=\"s1\">\u02bb\u014cikialamea<\/span><\/p>\n<\/td>\n<\/tr>\n<tr>\n<td class=\"td7\" valign=\"top\">\n<p class=\"p10\"><span class=\"s1\">\u02bb\u014cikialamea<\/span><\/p>\n<\/td>\n<td class=\"td8\" valign=\"top\">\n<p class=\"p10\"><span class=\"s1\">Kalamea<\/span><\/p>\n<\/td>\n<td class=\"td8\" valign=\"top\">\n<p class=\"p10\"><span class=\"s1\">Kamanawakalamea<\/span><\/p>\n<\/td>\n<\/tr>\n<tr>\n<td class=\"td7\" valign=\"top\">\n<p class=\"p10\"><span class=\"s1\">Kamanawakalamea<\/span><\/p>\n<\/td>\n<td class=\"td8\" valign=\"top\">\n<p class=\"p10\"><span class=\"s1\">Ka\u02bbiua<\/span><\/p>\n<\/td>\n<td class=\"td8\" valign=\"top\">\n<p class=\"p10\"><span class=\"s1\">\u02bb\u014cuaka\u02bbiua<\/span><\/p>\n<\/td>\n<\/tr>\n<tr>\n<td class=\"td3\" valign=\"top\">\n<p class=\"p10\"><span class=\"s1\">\u02bb\u014cuaka\u02bbiua<\/span><\/p>\n<\/td>\n<td class=\"td4\" valign=\"top\">\n<p class=\"p10\"><span class=\"s1\">Kuaimakani<\/span><\/p>\n<\/td>\n<td class=\"td4\" valign=\"top\">\n<p class=\"p10\"><span class=\"s1\">Kanahae<\/span><\/p>\n<p class=\"p10\"><span class=\"s1\">Kuaimakani<\/span><\/p>\n<\/td>\n<\/tr>\n<tr>\n<td class=\"td9\" valign=\"top\">\n<p class=\"p10\"><span class=\"s1\">Kanahae<\/span><\/p>\n<p class=\"p10\"><span class=\"s1\">Kuaimakani<\/span><\/p>\n<\/td>\n<td class=\"td10\" valign=\"top\">\n<p class=\"p10\"><span class=\"s1\">Kapiko<\/span><\/p>\n<\/td>\n<td class=\"td10\" valign=\"top\">\n<p class=\"p10\"><span class=\"s1\">Kuleanak\u016bpiko<\/span><\/p>\n<\/td>\n<\/tr>\n<tr>\n<td class=\"td7\" valign=\"top\">\n<p class=\"p10\"><span class=\"s1\">Kuleanak\u016bpiko<\/span><\/p>\n<\/td>\n<td class=\"td8\" valign=\"top\">\n<p class=\"p10\"><span class=\"s1\">Keanianiho\u02bbolilei<\/span><\/p>\n<\/td>\n<td class=\"td8\" valign=\"top\">\n<p class=\"p10\"><span class=\"s1\">\u02bbAkahiakuleana<\/span><\/p>\n<\/td>\n<\/tr>\n<tr>\n<td class=\"td11\" valign=\"top\">\n<p class=\"p10\"><span class=\"s1\">L\u012bloa<\/span><\/p>\n<\/td>\n<td class=\"td12\" valign=\"top\">\n<p class=\"p10\"><span class=\"s1\">\u02bbAkahiakulia<\/span><\/p>\n<\/td>\n<td class=\"td12\" valign=\"top\">\n<p class=\"p10\"><span class=\"s1\">\u02bbUmi<\/span><\/p>\n<\/td>\n<\/tr>\n<\/tbody>\n<\/table>\n<p class=\"p3\"><span class=\"s1\">A pau ka moe \u02bbana a L\u012bloa me \u02bbAkahiakuleana he mau l\u0101 i hala ma hope, \u02bbike akula \u02bbo L\u012bloa i ke \u02bbano h\u0101pai o k\u0101na wahine, n\u012bnau aula k\u0113ia i ua wahine l\u0101, \u201cNa wai \u02bboe?\u201d \u02bb\u012a maila \u02bbo \u02bbAkahiakuleana, \u201cNa Kuleanak\u016bpiko.\u201d \u02bb\u012a aku \u02bbo L\u012bloa, \u201cHe kaikuahine n\u014d k\u0101 \u02bboe no\u02bbu.\u201d \u02bb\u012a maila k\u0113l\u0101, \u201cP\u0113l\u0101 paha.\u201d<\/span><\/p>\n<p class=\"p3\"><span class=\"s1\">A pau k\u0113ia mau kama\u02bbilio a l\u0101ua, kauoha akula \u02bbo L\u012bloa i\u0101 \u02bbAkahiakuleana, &#8220;I noho \u02bboe, a i h\u0101nau he keiki k\u0101ne, e kapa iho \u02bboe i kona inoa \u02bbo \u02bbUmi. A i h\u0101nau he kaikamahine, kapa iho \u02bboe ma kou \u02bbao\u02bbao.&#8221; \u02bb\u012a maila \u02bbo \u02bbAkahiakuleana ia L\u012bloa, &#8220;He aha k\u0101u h\u014d\u02bbailona e h\u0101\u02bbawi mai ai, i maopopo na ke ali\u02bbi k\u0113ia keiki?&#8221; A lohe \u02bbo L\u012bloa, h\u0101\u02bbawi maila ia i kona malo a me kona niho palaoa, a me ka l\u0101\u02bbau p\u0101lau. \u02bb\u012a maila \u02bbo L\u012bloa i\u0101 \u02bbAkahiakuleana, &#8220;Eia n\u0101 h\u014d\u02bbailona o k\u0101 k\u0101ua keiki; a hiki i kona w\u0101 nui, e h\u0101\u02bbawi aku \u02bboe i k\u0113ia mau mea nona.\u201d<\/span><\/p>\n<p class=\"p3\"><span class=\"s1\">\u02bbAe akula \u02bbo \u02bbAkahiakuleana, lalau akula ia, a h\u0101\u02bbawi akula i k\u0101na kau\u0101 wahine, n\u0101na e m\u0101lama i ia mau mea. A laila, hele akula \u02bbo L\u012bloa a h\u012bpu\u02bbupu\u02bbu i ka lau\u02bb\u012b i malo nona. A hume ihola \u02bbo L\u012bloa i ka malo lau\u02bb\u012b, a ho\u02bbi akula i kona hale noho. A hiki \u02bbo L\u012bloa i ka hale, \u02bb\u014dlelo maila kona po\u02bbe k\u0101naka i\u0101 ia, &#8220;He malo maoli ho\u02bbi kou e L\u012bloa i hele aku nei, eia k\u0101 he malo lau\u02bb\u012b kou i k\u0113ia w\u0101.\u201d<\/span><\/p>\n<p class=\"p3\"><span class=\"s1\">Ma laila \u02bbo L\u012bloa i noho iho ai a pau ka ho\u02bbomahanahana \u02bbana o kona heiau, ho\u02bbi maila \u02bbo ia i Waipi\u02bbo, i kona wahi noho mau. <\/span><\/p>\n<\/div>\n<\/div>\n<\/div>\n<\/div>\n<\/div>\n<\/div>\n<\/div>\n\n","protected":false},"excerpt":{"rendered":"","protected":false},"author":1,"featured_media":0,"parent":71,"menu_order":0,"comment_status":"closed","ping_status":"closed","template":"","meta":[],"_links":{"self":[{"href":"https:\/\/ehooululahui.maui.hawaii.edu\/index.php?rest_route=\/wp\/v2\/pages\/1970"}],"collection":[{"href":"https:\/\/ehooululahui.maui.hawaii.edu\/index.php?rest_route=\/wp\/v2\/pages"}],"about":[{"href":"https:\/\/ehooululahui.maui.hawaii.edu\/index.php?rest_route=\/wp\/v2\/types\/page"}],"author":[{"embeddable":true,"href":"https:\/\/ehooululahui.maui.hawaii.edu\/index.php?rest_route=\/wp\/v2\/users\/1"}],"replies":[{"embeddable":true,"href":"https:\/\/ehooululahui.maui.hawaii.edu\/index.php?rest_route=%2Fwp%2Fv2%2Fcomments&post=1970"}],"version-history":[{"count":1,"href":"https:\/\/ehooululahui.maui.hawaii.edu\/index.php?rest_route=\/wp\/v2\/pages\/1970\/revisions"}],"predecessor-version":[{"id":1971,"href":"https:\/\/ehooululahui.maui.hawaii.edu\/index.php?rest_route=\/wp\/v2\/pages\/1970\/revisions\/1971"}],"up":[{"embeddable":true,"href":"https:\/\/ehooululahui.maui.hawaii.edu\/index.php?rest_route=\/wp\/v2\/pages\/71"}],"wp:attachment":[{"href":"https:\/\/ehooululahui.maui.hawaii.edu\/index.php?rest_route=%2Fwp%2Fv2%2Fmedia&parent=1970"}],"curies":[{"name":"wp","href":"https:\/\/api.w.org\/{rel}","templated":true}]}}