{"id":20,"date":"2018-05-02T01:34:28","date_gmt":"2018-05-02T01:34:28","guid":{"rendered":"http:\/\/166.122.240.74\/?page_id=20"},"modified":"2021-02-08T14:12:41","modified_gmt":"2021-02-09T00:12:41","slug":"resources","status":"publish","type":"page","link":"https:\/\/ehooululahui.maui.hawaii.edu\/?page_id=20","title":{"rendered":"Resources"},"content":{"rendered":"<style type=\"text\/css\"> \n#cmsmasters_row_69ebe3f752920 .cmsmasters_row_outer_parent { \n\tpadding-top: 50px; \n} \n\n#cmsmasters_row_69ebe3f752920 .cmsmasters_row_outer_parent { \n\tpadding-bottom: 50px; \n} \n\n \n#cmsmasters_row_69ebe3f752b23 .cmsmasters_row_outer_parent { \n\tpadding-top: 0px; \n} \n\n#cmsmasters_row_69ebe3f752b23 .cmsmasters_row_outer_parent { \n\tpadding-bottom: 50px; \n} \n\n<\/style><div id=\"cmsmasters_row_69ebe3f752920\" class=\"cmsmasters_row cmsmasters_color_scheme_default cmsmasters_row_top_default cmsmasters_row_bot_default cmsmasters_row_boxed\">\n<div class=\"cmsmasters_row_outer_parent\">\n<div class=\"cmsmasters_row_outer\">\n<div class=\"cmsmasters_row_inner\">\n<div class=\"cmsmasters_row_margin\">\n<div class=\"cmsmasters_column one_first\">\n<div class=\"cmsmasters_text\">\n<h4 style=\"text-align: center;\"><span style=\"color: #000000;\">Here are additional \u02bb\u014dlelo hawai\u02bbi resources<\/span><\/h4>\n<\/div>\n<\/div>\n<\/div>\n<\/div>\n<\/div>\n<\/div>\n<\/div>\n<div id=\"cmsmasters_row_69ebe3f752b23\" class=\"cmsmasters_row cmsmasters_color_scheme_default cmsmasters_row_top_default cmsmasters_row_bot_default cmsmasters_row_boxed\">\n<div class=\"cmsmasters_row_outer_parent\">\n<div class=\"cmsmasters_row_outer\">\n<div class=\"cmsmasters_row_inner\">\n<div class=\"cmsmasters_row_margin\">\n<div class=\"cmsmasters_column one_half\">\n<div class=\"cmsmasters_text\">\n<h3><span style=\"color: #284ce0;\"><a style=\"color: #284ce0;\" href=\"http:\/\/ulukau.org\/\" target=\"_blank\" rel=\"noopener noreferrer\">Ulukau<\/a><\/span><\/h3>\n<p><span style=\"color: #000000;\">Electronic Hawaiian Library<\/span><\/p>\n<h3><span style=\"color: #284ce0;\"><a style=\"color: #284ce0;\" href=\"http:\/\/wehewehe.org\/\" target=\"_blank\" rel=\"noopener noreferrer\">Wehewehe<\/a><\/span><\/h3>\n<p><span style=\"color: #000000;\">Hawaiian Dictionary<\/span><\/p>\n<h3><span style=\"color: #284ce0;\"><a style=\"color: #284ce0;\" href=\"https:\/\/hilo.hawaii.edu\/wehe\/\" target=\"_blank\" rel=\"noopener noreferrer\">Wehewehe Wikiwiki<\/a><\/span><\/h3>\n<p>Hawaiian Dictionary provided by UH Hilo<\/p>\n<h3><span style=\"color: #284ce0;\"><a style=\"color: #284ce0;\" href=\"https:\/\/manomano.io\/\" target=\"_blank\" rel=\"noopener\">Manomano<\/a><\/span><\/h3>\n<p>A Hawaiian dictionary web application developed by Ka\u2018\u014dnohi\u2018ulaokaman\u014d Kai<\/p>\n<h3><span style=\"color: #284ce0;\"><a style=\"color: #284ce0;\" href=\"http:\/\/ulukau.org\/kaniaina\/cgi-bin\/kaniaina?l=haw\" target=\"_blank\" rel=\"noopener noreferrer\">Kani\u02bb\u0101ina<\/a><\/span><\/h3>\n<p><span style=\"color: #000000;\">Library of Hawaiian language recordings, all from the radio program Ka Leo Hawai\u02bbi<\/span><\/p>\n<h3><span style=\"color: #284ce0;\"><a style=\"color: #284ce0;\" href=\"http:\/\/ehooululahui.maui.hawaii.edu\/?page_id=996\">Mo\u02bbok\u016b\u02bbauhau<\/a><\/span><\/h3>\n<p>A small of collection of mo\u02bbok\u016b\u02bbauhau (genealogies) for certain figures in Hawaiian history.<\/p>\n<\/div>\n<\/div>\n<div class=\"cmsmasters_column one_half\">\n<div class=\"cmsmasters_text\">\n<h3><span style=\"color: #284ce0;\"><a style=\"color: #284ce0;\" href=\"https:\/\/www.papakilodatabase.com\/main\/main.php\" target=\"_blank\" rel=\"noopener noreferrer\">Papakilo<\/a><\/span><\/h3>\n<p><span style=\"color: #000000;\">OHA&#8217;s Hawaiian information database<\/span><\/p>\n<h3><span style=\"color: #284ce0;\"><a style=\"color: #284ce0;\" href=\"https:\/\/library.byuh.edu\/library\/archives\/kanahele\" target=\"_blank\" rel=\"noopener noreferrer\">Clinton Kanahele Collection<\/a><\/span><\/h3>\n<p><span style=\"color: #000000;\">Recorded Hawaiian language interviews done by Clinton Kanahele<\/span><\/p>\n<h3><span style=\"color: #284ce0;\"><a style=\"color: #284ce0;\" href=\"https:\/\/uhawaii-primo.hosted.exlibrisgroup.com\/primo-explore\/search?query=any,contains,manaleo&amp;tab=default_tab&amp;sortby=rank&amp;vid=OUZ&amp;facet=rtype,include,streamingvideos&amp;lang=en_US&amp;offset=0\" target=\"_blank\" rel=\"noopener noreferrer\">N\u0101 Aha M\u0101naleo Wiki\u014d<\/a><\/span><\/h3>\n<p>Collection of videos of native speakers provided by the University of Hawai\u02bbi. <span style=\"color: #e05228;\"><em><strong>Student Login Required<\/strong><\/em><\/span><\/p>\n<h3><span style=\"color: #284ce0;\"><a style=\"color: #284ce0;\" href=\"http:\/\/ksdl.ksbe.edu\/hawaiian_resources\/kulaiwi\">Kul\u0101iwi<\/a><\/span><\/h3>\n<p>Online \u02bb\u014dlelo hawai\u02bbi lessons produced by Kamehameha Schools<\/p>\n<h3><span style=\"color: #284ce0;\"><a style=\"color: #284ce0;\" href=\"http:\/\/ehooululahui.maui.hawaii.edu\/?page_id=1912\">Reference Grammar of the Hawaiian Language<\/a><\/span><\/h3>\n<p>Resource of Hawaiian Language grammar rules independently compiled by students.<\/p>\n<\/div>\n<\/div>\n<\/div>\n<\/div>\n<\/div>\n<\/div>\n<\/div>\n\n","protected":false},"excerpt":{"rendered":"","protected":false},"author":1,"featured_media":0,"parent":10,"menu_order":0,"comment_status":"closed","ping_status":"closed","template":"","meta":[],"_links":{"self":[{"href":"https:\/\/ehooululahui.maui.hawaii.edu\/index.php?rest_route=\/wp\/v2\/pages\/20"}],"collection":[{"href":"https:\/\/ehooululahui.maui.hawaii.edu\/index.php?rest_route=\/wp\/v2\/pages"}],"about":[{"href":"https:\/\/ehooululahui.maui.hawaii.edu\/index.php?rest_route=\/wp\/v2\/types\/page"}],"author":[{"embeddable":true,"href":"https:\/\/ehooululahui.maui.hawaii.edu\/index.php?rest_route=\/wp\/v2\/users\/1"}],"replies":[{"embeddable":true,"href":"https:\/\/ehooululahui.maui.hawaii.edu\/index.php?rest_route=%2Fwp%2Fv2%2Fcomments&post=20"}],"version-history":[{"count":12,"href":"https:\/\/ehooululahui.maui.hawaii.edu\/index.php?rest_route=\/wp\/v2\/pages\/20\/revisions"}],"predecessor-version":[{"id":2149,"href":"https:\/\/ehooululahui.maui.hawaii.edu\/index.php?rest_route=\/wp\/v2\/pages\/20\/revisions\/2149"}],"up":[{"embeddable":true,"href":"https:\/\/ehooululahui.maui.hawaii.edu\/index.php?rest_route=\/wp\/v2\/pages\/10"}],"wp:attachment":[{"href":"https:\/\/ehooululahui.maui.hawaii.edu\/index.php?rest_route=%2Fwp%2Fv2%2Fmedia&parent=20"}],"curies":[{"name":"wp","href":"https:\/\/api.w.org\/{rel}","templated":true}]}}