{"id":587,"date":"2018-12-21T11:25:14","date_gmt":"2018-12-21T21:25:14","guid":{"rendered":"http:\/\/ehooululahui.maui.hawaii.edu\/?page_id=587"},"modified":"2018-12-21T11:25:14","modified_gmt":"2018-12-21T21:25:14","slug":"%ca%bbaukelenuia%ca%bbiku-mokuna-%ca%bbumi-kumakahi","status":"publish","type":"page","link":"https:\/\/ehooululahui.maui.hawaii.edu\/?page_id=587","title":{"rendered":"\u02bbAukelenuia\u02bb\u012bk\u016b: Mokuna \u02bbUmi K\u016bm\u0101kahi"},"content":{"rendered":"<style type=\"text\/css\"> \n#cmsmasters_row_69fb822970aa0 { \n\tbackground-color:#f8ecc2;\n} \n\n#cmsmasters_row_69fb822970aa0 .cmsmasters_row_outer_parent { \n\tpadding-top: 50px; \n} \n\n#cmsmasters_row_69fb822970aa0 .cmsmasters_row_outer_parent { \n\tpadding-bottom: 50px; \n} \n\n \n#cmsmasters_divider_69fb822971034 { \n\tborder-bottom-width:1px; \n\tborder-bottom-style:solid; \n\tpadding-top:5px; \n\tmargin-bottom:30px; \n\tborder-bottom-color:rgba(0,0,0,0.5);\n} \n<\/style><div id=\"cmsmasters_row_69fb822970aa0\" class=\"cmsmasters_row cmsmasters_color_scheme_default cmsmasters_row_top_default cmsmasters_row_bot_default cmsmasters_row_boxed\">\n<div class=\"cmsmasters_row_outer_parent\">\n<div class=\"cmsmasters_row_outer\">\n<div class=\"cmsmasters_row_inner\">\n<div class=\"cmsmasters_row_margin\">\n<div class=\"cmsmasters_column one_first\">\n<div class=\"custom_html\">\n<iframe width=\"100%\" height=\"20\" scrolling=\"no\" frameborder=\"no\" allow=\"autoplay\" src=\"https:\/\/w.soundcloud.com\/player\/?url=https%3A\/\/api.soundcloud.com\/tracks\/436204989&color=%23ff5500&inverse=false&auto_play=false&show_user=false\"><\/iframe>\n<\/div>\n\n<div id=\"cmsmasters_divider_69fb822971034\" class=\"cmsmasters_divider cmsmasters_divider_width_long cmsmasters_divider_pos_center\"><\/div>\n<div class=\"cmsmasters_text\">\n<p>I\u0101 \u02bbAukelenuia\u02bb\u012bk\u016b e noho p\u016b ana me k\u0101na wahine, me N\u0101makaokaha\u02bbi, ua m\u0101kaukau ko ka wahine mana\u02bbo e ho\u02bboili i n\u0101 mea a pau ma luna o \u02bbAukelenuia\u02bb\u012bk\u016b. No laila, k\u0101hea akula \u02bbo N\u0101makaokaha\u02bbi i n\u0101 kaikun\u0101ne ona, i\u0101 K\u0101nemoe, K\u0101ne\u02bb\u0101pua, L\u0113\u02bb\u0101pua, Kahaum\u0101na. A hiki maila l\u0101kou, \u02bb\u014dlelo aku ko l\u0101kou kaikuahine, \u02bb\u012b akula i\u0101 l\u0101kou, \u201cE pi\u02bbi \u02bboukou i luna a \u02bb\u014dlelo aku i ku\u02bbu makuak\u0101ne a me ku\u02bbu kaikun\u0101ne, \u02bbo K\u016bwahailo ka makuak\u0101ne, \u02bbo Makali\u02bbi ke kaikun\u0101ne. E \u02bb\u014dlelo aku \u02bboukou, ua ho\u02bboili au i n\u0101 mea a pau no ku\u02bbu k\u0101ne. \u02bbO luna, \u02bbo lalo, \u02bbo uka, \u02bbo kai, \u02bbo ka hao pae, \u02bbo ka meki k\u016b i ka honua, \u02bbo ka palaoa, o ka \u02bbea makauli\u02bbi, \u02bbo ka maulele i ka \u02bb\u0101ina, \u02bbo ka huhui h\u014dk\u016b. A e \u02bb\u014dlelo aku n\u014d ho\u02bbi \u02bboukou i ku\u02bbu makuak\u0101ne a me ku\u02bbu kaikun\u0101ne, ua pau loa k\u0113ia mau mea a pau ma luna o ku\u02bbu k\u0101ne i ka ho\u02bboili \u02bbia. A e lawe p\u016b aku \u02bboukou i ku\u02bbu k\u0101ne i \u02bbike mai l\u0101ua.\u201d Ma k\u0113ia mau \u02bb\u014dlelo a N\u0101makaokaha\u02bbi, he mea \u02bbolu\u02bbolu loa ia i\u0101 l\u0101kou.<\/p>\n<p>Ma k\u0113ia wahi a k\u0101kou e ho\u02bbolohe nei, e no\u02bbono\u02bbo iho k\u0101kou me ka mana\u02bbo \u02bboia\u02bbi\u02bbo, i luna o ka lani k\u0113ia lele \u02bbana o \u02bbAukelenuia\u02bb\u012bk\u016b me n\u0101 kaiko\u02bbeke.<\/p>\n<p>Ma hope o ko N\u0101makaokaha\u02bbi \u02bb\u014dlelo \u02bbana mai i\u0101 l\u0101kou, lele akula l\u0101kou a ke kuahiwi, ho\u02bbomaha. A ma ia lele \u02bbana, ua hala aku \u02bbo \u02bbAukelenuia\u02bb\u012bk\u016b i ka lani. Ma k\u0113ia lele \u02bbana o \u02bbAukelenuia\u02bb\u012bk\u016b, hiki mua akula ia i kahi o k\u0101na wahine, o N\u0101makaokaha\u02bbi. He wahi kapu loa ia, \u02bba\u02bbohe mea hele ma laila.<\/p>\n<p>I\u0101 \u02bbAukelenuia\u02bb\u012bk\u016b e k\u016b ana ma kahi kapu o N\u0101makaokaha\u02bbi, n\u0101n\u0101 akula \u02bbo K\u016bwahailo, a \u02bb\u014dlelo iho i loko ona, \u201cAu\u0113! Make ku\u02bbu kaikamahine. Ke hiki nei ke kupu i luna nei. No ka mea, \u02bba\u02bbohe kanaka n\u0101na e pi\u02bbi mai \u02bbo luna nei. Hiki n\u014d ke kanaka, ua make \u02bbo lalo.\u201d<\/p>\n<p>Ma k\u0113ia lele \u02bbana o \u02bbAukelenuia\u02bb\u012bk\u016b i luna i ka lani, \u02bba\u02bbole ona mana\u02bbo he kaua, a he hakak\u0101. Ua lele \u02bbo ia me ka nanea wale n\u014d. Ak\u0101, ma loko o ka \u02bb\u014dlelo a kona akua i\u0101 ia, a Lonokouali\u02bbi, he kaua. Penei n\u0101 \u02bb\u014dlelo: \u201cE \u02bbAukelenuia\u02bb\u012bk\u016b \u0113! Make k\u0101ua. Eia l\u0101 he kaua ko luna nei. E \u02bba\u02bbahu \u02bboe i ko kapa lehu mai ko po\u02bbo a ko m\u0101nea w\u0101wae. Mai lohi \u02bboe o make auane\u02bbi.\u201d Ma k\u0113ia mau \u02bb\u014dlelo a ke akua i\u0101 \u02bbAukelenuia\u02bb\u012bk\u016b, ma laila i maopopo ai he kaua ko luna.<\/p>\n<p>Ma hope o ka \u02bb\u014dlelo a ke akua i\u0101 \u02bbAukelenuia\u02bb\u012bk\u016b, \u02bb\u014d\u02bbili maila ka momoku ahi mai loko mai o ka lima o K\u016bwahailo a \u02bb\u0101 ana i ka honua. \u02bbO ka inoa o ua momoku ahi l\u0101, \u02bbo Kuku\u02bbena. A ma hope ona ku\u02bbu \u02bbia maila ka p\u014dhaku \u02bbo \u02bbIku\u0101, he p\u014dhaku k\u014d\u02bbele\u02bbele. \u02bbO ia ka hekili. A p\u0101 k\u0113ia mau mea i ke kapa lehu o \u02bbAukelenuia\u02bb\u012bk\u016b, he mea \u02bbole l\u0101ua, he \u02bb\u014dpala, he mea uh\u0101uh\u0101 na ka makani. Ma k\u0113ia mo\u02bbolelo, ua \u02bb\u014dlelo \u02bbia, i ka w\u0101 i p\u0101 ai ka hekili i ke kapa lehu o \u02bbAukelenuia\u02bb\u012bk\u016b, no laila mai ka nakeke o ka h\u0113kili a hiki i k\u0113ia l\u0101.<\/p>\n<p>A mao a\u02bbela ka momoku ahi a me ka p\u014dhaku, n\u0101n\u0101 akula \u02bbo K\u016bwahailo i\u0101 \u02bbAukelenuia\u02bb\u012bk\u016b e k\u016b mai ana n\u014d, \u02bba\u02bbole i make. He mea kaumaha loa ia i ko K\u016bwahailo mana\u02bbo \u02bbana, a he mea \u02bbino\u02bbino loa i kona \u02bbike \u02bbana aku e ola mai ana kona \u02bbenemi, ke \u02bbahi kanan\u0101 o Kuaihelani. I ia w\u0101, ku\u02bbu hou \u02bbo K\u016bwahailo i ka lua o ka momoku ahi, \u02bbo ia \u02bbo M\u0101hu\u02bbia. A ku\u02bbu hou i ka lua o ka p\u014dhaku, \u02bbo ia \u02bbo Welehu, \u02bbo ka lua ia o n\u0101 hekili ikaika loa. Nakeke, \u02bb\u014dpa\u02bbipa\u02bbi ka lani, n\u0101ueue n\u0101 k\u016bkulu o ka honua, haki kaiko\u02bbo o ka moana, nakaka n\u0101 p\u014dhaku, kahak\u014d ka pali, lele ke koa\u02bbe. I ka p\u0101 \u02bbana i ke kapa lehu o \u02bbAukelenuia\u02bb\u012bk\u016b, ua lilo ia i mea \u02bbole. He aha l\u0101 kona \u02bbano? He puahiohio paha.<\/p>\n<p>A hala k\u0113ia make a K\u016bwahailo, i n\u0101n\u0101 aku ka hana i ka \u02bboi\u02bboi o Kuaihelani, e k\u016b mai ana n\u014d, \u02bba\u02bbole i make, \u02bb\u012b iho \u02bbo K\u016bwahailo, \u201cK\u0101! \u02bbAkahi n\u014d ka make \u02bbole o nei kanaka! No ka mea, \u02bbo ka pau n\u014d k\u0113ia o n\u0101 mea make, \u02bba\u02bbohe make iho.\u201d<\/p>\n<p>Ma \u02bbane\u02bbi, e ho\u02bbomaha iki k\u0101kou i ka ho\u02bbolohe \u02bbana no K\u016bwahailo a me \u02bbAukelenuia\u02bb\u012bk\u016b, a e kama\u02bbilio k\u0101kou no n\u0101 kaikun\u0101ne o N\u0101makaokaha\u02bbi, n\u0101 kaiko\u02bbeke o \u02bbAukelenuia\u02bb\u012bk\u016b. Ma k\u0113ia lele \u02bbana o l\u0101kou mai ka honua a\u02bbe a ka lani, ua p\u0101keu aku ko \u02bbAukelenuia\u02bb\u012bk\u016b lele i ko n\u0101 kaiko\u02bbeke. No ka mea, ho\u02bbokahi l\u0101, ho\u02bbokahi p\u014d o ka lele \u02bbana o \u02bbAukelenuia\u02bb\u012bk\u016b mai ka honua a\u02bbe a ka lani. \u02bbElima l\u0101, \u02bbelima p\u014d o ka lele \u02bbana o n\u0101 kaiko\u02bbeke, hiki i ka lani. Ma loko o ka manawa lele o n\u0101 kaiko\u02bbeke, ko K\u016bwahailo manawa i kaua ai me \u02bbAukelenuia\u02bb\u012bk\u016b i ka lani. A hiki n\u0101 kaiko\u02bbeke i luna ma kahi ka\u02bbawale i ko K\u016bwahailo wahi, \u02bbike mua \u02bbia maila ka momoku ahi \u02bbo Kuku\u02bbena a me ka p\u014dhaku k\u014d\u02bbele\u02bbele \u02bbo \u02bbIku\u0101 e lele mai ana i mua o l\u0101kou. U\u0113 ihola l\u0101kou i ko l\u0101kou kaiko\u02bbeke i ka make, holo akula l\u0101kou a moe leho i ke kahawai \u02bbal\u0101. A pau ka lele \u02bbana mai o ke ahi a me ka hekili, mao a\u02bbela, \u02bbike akula l\u0101kou i\u0101 \u02bbAukelenuia\u02bb\u012bk\u016b e k\u016b mai ana.<\/p>\n<p>I\u0101 l\u0101kou e n\u0101n\u0101 ana i\u0101 \u02bbAukelenuia\u02bb\u012bk\u016b, k\u0101hea akula l\u0101kou e hele mai a moealeho p\u016b iho me l\u0101kou ma ke k\u014d\u0101 o ka \u02bbal\u0101. No ka mea, ho\u02bbokahi make i koe, \u02bbo ia k\u0113l\u0101 ahi hope a me ka hekili a K\u016bwahailo. \u02bb\u012a aku \u02bbo \u02bbAukelenuia\u02bb\u012bk\u016b i\u0101 l\u0101kou, \u201cMoe \u02bbia n\u014d \u02bboukou ma laila, ma \u02bbane\u02bbi n\u014d au e k\u016b ai, a pepehi aku i\u0101 K\u016bwahailo.\u201d A hala n\u0101 make a K\u016bwahailo i hope, \u02bb\u014d\u02bbili akula n\u0101 keiki a k\u016b ana i mua o K\u016bwahailo. N\u012bnau mai ko l\u0101kou makuak\u0101ne, \u201cPehea ko \u02bboukou kaikuahine?\u201d<\/p>\n<p>\u201cAia n\u014d ke noho l\u0101.\u201d \u201cA no hea ho\u02bbi nei kanaka kupua?\u201d \u201c \u02bbO ko h\u016bn\u014dna ia, \u02bbo ke k\u0101ne ia a N\u0101makaokaha\u02bbi.\u201d<\/p>\n<p>A lohe \u02bbo K\u016bwahailo i k\u0113ia \u02bb\u014dlelo a n\u0101 keiki, k\u016b ihola ia me ka maka\u02bbu a me ka ha\u02bbalulu, a no\u02bbono\u02bbo ihola ia i k\u0101na mea e hana aku ai i\u0101 \u02bbAukelenuia\u02bb\u012bk\u016b, ka ihu k\u0101\u02bbe\u02bba\u02bbe\u02bba o Kuaihelani. \u02bb\u012a akula ia i k\u0101na h\u016bn\u014dna, \u201c \u02bb\u0112! I mua ou au i hana aku ai i ka hewa, a me ka pono \u02bbole. A no laila, ke waiho aku nei au i ka m\u014dhai i mua ou, \u02bbelua lau kanaka.\u201d A hiki \u02bbo K\u016bwahailo me n\u0101 lau kanaka \u02bbelua i mua o \u02bbAukelenuia\u02bb\u012bk\u016b, n\u012bnau mai \u02bbo \u02bbAukelenuia\u02bb\u012bk\u016b, \u201cHe kanaka aha k\u0113ia?\u201d \u02bb\u014clelo mai kona makuah\u016bn\u014dwai, \u201cHe m\u014dhai i\u0101 \u02bboe.\u201d \u02bb\u012a aku \u02bbo \u02bbAukelenuia\u02bb\u012bk\u016b, \u201cUa oki ke kanaka. No ka mo\u02bbopuna, a no ka \u02bb\u0101ina n\u014d ho\u02bbi.\u201d<\/p>\n<p>Ma hope o laila, ha\u02bbi akula n\u0101 keiki i\u0101 K\u016bwahailo, \u201cHe \u02bb\u014dlelo k\u0101 m\u0101kou i ho\u02bbouna \u02bbia mai nei e ko kaikamahine e ha\u02bbi aku i\u0101 \u02bboe.\u201d N\u012bnau aku \u02bbo K\u016bwahailo, \u201cHe aha k\u0101na \u02bb\u014dlelo i\u0101 \u02bboukou?\u201d \u201cEia k\u0101na \u02bb\u014dlelo i\u0101 m\u0101kou, \u02bb\u02bbO luna, \u02bbo lalo,<\/p>\n<p>\u02bbo uka, \u02bbo kai, ma luna o ka h\u016bn\u014dna. Ma lalo aku \u02bboe e noho ai a me n\u0101 mea a pau loa.\u2019\u201d Ma k\u0113ia mau \u02bb\u014dlelo a n\u0101 keiki, he mea \u02bbolu\u02bbolu loa ia i ko K\u016bwahailo mana\u02bbo. \u02bbAe ma hope o k\u0113ia \u02bb\u014dlelo \u02bbana, \u02bbaha\u02bb\u014dlelo ihola l\u0101kou. Ma k\u0113ia \u02bbaha\u02bb\u014dlelo \u02bbana, hele maila \u02bbo Makali\u02bbi e h\u0101l\u0101wai me \u02bbAukelenuia\u02bb\u012bk\u016b. Ma k\u0113ia hele \u02bbana mai o Makali\u02bbi, hele p\u016b maila me k\u0101na wahine, me Malanaikuaheahea.<\/p>\n<p>Ma \u02bbane\u02bbi e kama\u02bbilio \u02bbu\u02bbuku no ka wahine a Makali\u02bbi. \u02bbO k\u0113ia wahine \u02bbo Malanaikuaheahea, he wahine maika\u02bbi a me ka nani loa o kona kino ke n\u0101n\u0101 aku. Ua like me ka \u02bbula o ke ahi ka \u02bbula. I kona k\u016b \u02bbana a hele mai kona hale noho mai, ua p\u0101k\u016b \u02bbia ka m\u0101lamalama o ka l\u0101, a pouli. Ne\u02bbe maila ka uakoko, uhi maila ka \u02bbohu, kokolo maila ka noe, h\u0101li\u02bbi maila ke \u02bbawa, kahe maila ka wai \u02bbula, \u02bb\u014dlapa ka uila. Ma hope o k\u0113ia mau mea, \u02bbike \u02bbia maila ke kino o Malanaikuaheahea e hele mai ana ma luna o ka welelau o ka lima o n\u0101 k\u0101naka. Ua nani loa me ka hiwahiwa ua wahine l\u0101 ke n\u0101n\u0101 aku. No ka mea, ua ho\u02bbohiluhilu loa \u02bbo Makali\u02bbi i k\u0101na wahine, a ua nani loa. \u02bbO ka l\u0101, ua pau ia ma hope ona. \u02bbO ke \u0101nuenue, ma lalo o kona mau w\u0101wae. A \u02bbike \u02bbo \u02bbAukelenuia\u02bb\u012bk\u016b i k\u0113ia mau mea a pau i mua ona, a me ka wahine a Makali\u02bbi, ua ma\u02bbule kona mana\u02bbo, ua p\u014dniuniu kona luna\u02bbikehala, a ua ma\u02bbule kona no\u02bbono\u02bbo kanaka. No laila, \u02bb\u014dlelo \u02bbo \u02bbAukelenuia\u02bb\u012bk\u016b, e ho\u02bbi i lalo nei.<\/p>\n<\/div>\n<\/div>\n<\/div>\n<\/div>\n<\/div>\n<\/div>\n<\/div>\n\n","protected":false},"excerpt":{"rendered":"","protected":false},"author":1,"featured_media":0,"parent":65,"menu_order":0,"comment_status":"closed","ping_status":"closed","template":"","meta":[],"_links":{"self":[{"href":"https:\/\/ehooululahui.maui.hawaii.edu\/index.php?rest_route=\/wp\/v2\/pages\/587"}],"collection":[{"href":"https:\/\/ehooululahui.maui.hawaii.edu\/index.php?rest_route=\/wp\/v2\/pages"}],"about":[{"href":"https:\/\/ehooululahui.maui.hawaii.edu\/index.php?rest_route=\/wp\/v2\/types\/page"}],"author":[{"embeddable":true,"href":"https:\/\/ehooululahui.maui.hawaii.edu\/index.php?rest_route=\/wp\/v2\/users\/1"}],"replies":[{"embeddable":true,"href":"https:\/\/ehooululahui.maui.hawaii.edu\/index.php?rest_route=%2Fwp%2Fv2%2Fcomments&post=587"}],"version-history":[{"count":1,"href":"https:\/\/ehooululahui.maui.hawaii.edu\/index.php?rest_route=\/wp\/v2\/pages\/587\/revisions"}],"predecessor-version":[{"id":588,"href":"https:\/\/ehooululahui.maui.hawaii.edu\/index.php?rest_route=\/wp\/v2\/pages\/587\/revisions\/588"}],"up":[{"embeddable":true,"href":"https:\/\/ehooululahui.maui.hawaii.edu\/index.php?rest_route=\/wp\/v2\/pages\/65"}],"wp:attachment":[{"href":"https:\/\/ehooululahui.maui.hawaii.edu\/index.php?rest_route=%2Fwp%2Fv2%2Fmedia&parent=587"}],"curies":[{"name":"wp","href":"https:\/\/api.w.org\/{rel}","templated":true}]}}