{"id":589,"date":"2018-12-21T11:28:32","date_gmt":"2018-12-21T21:28:32","guid":{"rendered":"http:\/\/ehooululahui.maui.hawaii.edu\/?page_id=589"},"modified":"2018-12-21T11:28:32","modified_gmt":"2018-12-21T21:28:32","slug":"%ca%bbaukelenuia%ca%bbiku-mokuna-%ca%bbumi-kumalua","status":"publish","type":"page","link":"https:\/\/ehooululahui.maui.hawaii.edu\/?page_id=589","title":{"rendered":"\u02bbAukelenuia\u02bb\u012bk\u016b: Mokuna \u02bbUmi K\u016bm\u0101lua"},"content":{"rendered":"<style type=\"text\/css\"> \n#cmsmasters_row_6a074bef85aa8 { \n\tbackground-color:#f8ecc2;\n} \n\n#cmsmasters_row_6a074bef85aa8 .cmsmasters_row_outer_parent { \n\tpadding-top: 50px; \n} \n\n#cmsmasters_row_6a074bef85aa8 .cmsmasters_row_outer_parent { \n\tpadding-bottom: 50px; \n} \n\n \n#cmsmasters_divider_6a074bef85f5d { \n\tborder-bottom-width:1px; \n\tborder-bottom-style:solid; \n\tpadding-top:5px; \n\tmargin-bottom:30px; \n\tborder-bottom-color:rgba(0,0,0,0.5);\n} \n<\/style><div id=\"cmsmasters_row_6a074bef85aa8\" class=\"cmsmasters_row cmsmasters_color_scheme_default cmsmasters_row_top_default cmsmasters_row_bot_default cmsmasters_row_boxed\">\n<div class=\"cmsmasters_row_outer_parent\">\n<div class=\"cmsmasters_row_outer\">\n<div class=\"cmsmasters_row_inner\">\n<div class=\"cmsmasters_row_margin\">\n<div class=\"cmsmasters_column one_first\">\n<div class=\"custom_html\">\n<iframe width=\"100%\" height=\"20\" scrolling=\"no\" frameborder=\"no\" allow=\"autoplay\" src=\"https:\/\/w.soundcloud.com\/player\/?url=https%3A\/\/api.soundcloud.com\/tracks\/436204986&color=%23ff5500&inverse=false&auto_play=false&show_user=false\"><\/iframe>\n<\/div>\n\n<div id=\"cmsmasters_divider_6a074bef85f5d\" class=\"cmsmasters_divider cmsmasters_divider_width_long cmsmasters_divider_pos_center\"><\/div>\n<div class=\"cmsmasters_text\">\n<p>A hiki \u02bbo \u02bbAukelenuia\u02bb\u012bk\u016b i mua o k\u0101na wahine a me k\u0101 l\u0101ua keiki, noho ihola l\u0101ua he k\u0101ne a he wahine, a hala \u02bbelua malama. I ia w\u0101, moe ihola \u02bbo \u02bbAukelenuia\u02bb\u012bk\u016b i ke awakea, a i loko o k\u0113ia moe \u02bbana, \u02bbike akula ia ma ka moe\u02bbuhane i ka \u02bbuhane o k\u0101na keiki, \u02bbo Kaumaiilunaoh\u014dlanik\u016b. \u02bbO k\u0113ia keiki a \u02bbAukelenuia\u02bb\u012bk\u016b, \u02bbo ia n\u014d k\u0113l\u0101 keiki a l\u0101kou i holo p\u016b mai ai mai Kuaihelani mai, ke keiki pono\u02bb\u012b ho\u02bbi a k\u0113l\u0101 kaikua\u02bbana huh\u016b o \u02bbAukelenuia\u02bb\u012bk\u016b, a Kekamakahinuia\u02bb\u012bk\u016b. A \u02bbike \u02bbo \u02bbAukelenuia\u02bb\u012bk\u016b i ka \u02bbuhane o ua keiki l\u0101, u\u0113 ihola ia i loko o kona w\u0101 hiamoe, a puoho a\u02bbela me ia u\u0113 n\u014d.<\/p>\n<p>Ma k\u0113ia ala \u02bbana, kau maila ka h\u0101li\u02bbali\u02bba i\u0101 \u02bbAukelenuia\u02bb\u012bk\u016b no ke keiki a me n\u0101 kaikua\u02bbana. No laila, u\u0113 h\u0101mama a\u02bbela ia. I\u0101 \u02bbAukelenuia\u02bb\u012bk\u016b e u\u0113 h\u0101mama ana, n\u012bnau akula k\u0101na wahine \u02bbo N\u0101makaokaha\u02bbi, \u201cHe aha ho\u02bbi k\u0101u e u\u0113 nei?\u201d \u201cE u\u0113 ana au i ke aloha i ku\u02bbu keiki.\u201d \u201cUa loa\u02bba keiki n\u014d k\u0101 \u02bboe?\u201d \u201c \u02bbA\u02bbohe na\u02bbu, na ko\u02bbu kaikua\u02bbana. I ka l\u0101 a m\u0101kou i k\u016b mai ai i \u02bbane\u02bbi ka make \u02bbana. A ma loko o ku\u02bbu moe\u02bbuhane, \u02bbike aku nei au i kona \u02bbuhane e pi\u02bbi mai ana mai loko mai o ke kai. \u02bbO ia ka makamua o n\u0101 \u02bbuhane a pau loa.\u201d<\/p>\n<p>A lohe k\u0101na wahine i k\u0113ia \u02bb\u014dlelo a k\u0101na k\u0101ne, \u02bb\u012b maila ia, \u201cUa ola ko keiki.\u201d \u02bb\u012a aku \u02bbo \u02bbAukelenuia\u02bb\u012bk\u016b, \u201cPehea e ola ai?\u201d \u02bb\u012a mai k\u0101na wahine, \u201cAia a ho\u02bbolohe \u02bboe i ka\u02bbu \u02bb\u014dlelo, a laila, ola ko keiki.\u201d \u201cPehea au e ho\u02bbolohe ai?\u201d \u201cE lawe \u02bboe i ka \u02bbai a me ka i\u02bba a waho. I laila \u02bboe e \u02bbai ai. M\u0101lia o \u02bbike mai ka \u02bbuhane o ko keiki i ko \u02bbai aku, hele mai. A i hiki mai ka \u02bbuhane o ko keiki i ko alo, mai hopu \u02bboe. A i hele a k\u016b ma ko kua, mai hopu n\u014d \u02bboe. Ak\u0101, i hele mai a noho i luna o ko \u02bb\u016bh\u0101, a laila \u02bboe e hopu a\u02bbe. Ola ko keiki a me ou kaikua\u02bbana, \u02bba\u02bbole make. No ka mea, e pi\u02bbi ana ka \u02bbuhane i ke kuahiwi, i ka \u02bbai pi\u02bboi.\u201d<\/p>\n<p>Ma hope o k\u0113ia mau \u02bb\u014dlelo, hana akula \u02bbo \u02bbAukelenuia\u02bb\u012bk\u016b e like me n\u0101 \u02bb\u014dlelo a k\u0101na wahine. I\u0101 ia e \u02bbai ana, launa maila ka \u02bbuhane o ke keiki. \u02bb\u012a aku ka wahine i\u0101 \u02bbAukelenuia\u02bb\u012bk\u016b, \u201cE wikiwiki k\u0101u \u02bbai \u02bbana i noho pa\u02bba mai ka \u02bbuhane o ko keiki.\u201d I\u0101 \u02bbAukelenuia\u02bb\u012bk\u016b e \u02bbai wikiwiki ana, p\u014d\u02bbai maila ka \u02bbuhane o ke keiki ma kona mau \u02bbao\u02bbao a pau loa, ma ke kua a ma ke alo. No k\u0113ia kokoke loa o ka \u02bbuhane o ua keiki l\u0101, hopu akula \u02bbo \u02bbAukelenuia\u02bb\u012bk\u016b. I ia w\u0101, nalowale ka \u02bbuhane o ke keiki. \u02bb\u012a aku ka wahine, \u201c \u02bbA\u02bbole e loa\u02bba ko keiki. Ua wikiwiki \u02bboe i ka hopu. In\u0101 \u02bboe i ho\u02bbolohe i ka\u02bbu \u02bb\u014dlelo, in\u0101 ua ola ko keiki. Ua make loa akula ka \u02bbuhane o ko keiki.\u201d<\/p>\n<p>Ma k\u0113ia \u02bb\u014dlelo a k\u0101na wahine, he mea kaumaha loa ia i ko \u02bbAukelenuia\u02bb\u012bk\u016b mana\u02bbo, a ua ho\u02bbomaopopo loa ihola ia e like me n\u0101 \u02bb\u014dlelo a k\u0101na wahine; e make \u02bbi\u02bbo ana n\u014d ka \u02bbuhane o ke keiki. No laila, ho\u02bbok\u0113 \u02bbai ihola \u02bbo \u02bbAukelenuia\u02bb\u012bk\u016b. Ma loko o n\u0101 l\u0101 \u02bbelima a me n\u0101 p\u014d \u02bbelima, \u02bba\u02bbohe \u02bbai i ka \u02bbai, \u02bba\u02bbohe inu i ka wai. P\u0113l\u0101 n\u014d a pau n\u0101 mea \u02bb\u0113 a\u02bbe no ka nui o ke aloha i ke keiki.<\/p>\n<p>A \u02bbike \u02bbo N\u0101makaokaha\u02bbi i ko \u02bbAukelenuia\u02bb\u012bk\u016b ho\u02bbok\u0113 \u02bbai, \u02bb\u012b aku ia i k\u0101na k\u0101ne, \u201cHe aha kou mea i ha\u02bbalele ai i ka \u02bbai?\u201d \u02bb\u012a aku ke k\u0101ne, \u201cUa \u02bbike n\u014d \u02bboe, e ka wahine, i ke kumu o ko\u02bbu ho\u02bbok\u0113 \u02bbai \u02bbana. \u02bbO ia n\u014d ka \u02bbuhane o ku\u02bbu keiki. No laila, aia a pau a\u02bbe ku\u02bbu kaumaha, a laila, \u02bbai aku n\u014d au i ka \u02bbai.\u201d<\/p>\n<p>No k\u0113ia mea, komo maila ke aloha i loko o ka wahine no k\u0101na k\u0101ne. No laila, \u02bb\u014dlelo akula ia i ke k\u0101ne, \u201cAia a nui ko ikaika, ola ko keiki a me ou kaikua\u02bbana. Ak\u0101, i emi ko ikaika, \u02bba\u02bbole e ola ko keiki a me ou kaikua\u02bbana.\u201d \u02bb\u012a aku \u02bbo \u02bbAukelenuia\u02bb\u012bk\u016b i ka wahine, \u201cHe aha ia mea a\u02bbu e hana aku ai me ka ikaika?\u201d<\/p>\n<p>\u201c \u02bbO ka wai ola loa a K\u0101ne. In\u0101 i loa\u02bba i\u0101 \u02bboe, ola ko keiki a me ou kaikua\u02bbana.\u201d Ma k\u0113ia \u02bb\u014dlelo a k\u0101na wahine, l\u0101lau ihola \u02bbo \u02bbAukelenuia\u02bb\u012bk\u016b i ka \u02bbai a me ka i\u02bba, a \u02bbai ihola. \u02bbO ke kumu o ka \u02bbai \u02bbana, \u02bbo ka lohe \u02bbana i ka mea e loa\u02bba ai \u02bbo ka \u02bbuhane o ke keiki a me n\u0101 kaikua\u02bbana ona. Ma hope o ka \u02bbai \u02bbana, n\u012bnau aku \u02bbo \u02bbAukelenuia\u02bb\u012bk\u016b i ka wahine, \u201cMa hea ko\u02bbu alanui e ki\u02bbi ai i ka wai ola loa a K\u0101ne?\u201d \u02bb\u012a aku ka wahine, \u201cEia ko alanui e hele ai; mai ke alo o k\u0101ua a ka hikina a ka l\u0101. Ma laila \u02bboe e hele ai, loa\u02bba ka wai ola a K\u0101ne.\u201d<\/p>\n<\/div>\n<\/div>\n<\/div>\n<\/div>\n<\/div>\n<\/div>\n<\/div>\n\n","protected":false},"excerpt":{"rendered":"","protected":false},"author":1,"featured_media":0,"parent":65,"menu_order":0,"comment_status":"closed","ping_status":"closed","template":"","meta":[],"_links":{"self":[{"href":"https:\/\/ehooululahui.maui.hawaii.edu\/index.php?rest_route=\/wp\/v2\/pages\/589"}],"collection":[{"href":"https:\/\/ehooululahui.maui.hawaii.edu\/index.php?rest_route=\/wp\/v2\/pages"}],"about":[{"href":"https:\/\/ehooululahui.maui.hawaii.edu\/index.php?rest_route=\/wp\/v2\/types\/page"}],"author":[{"embeddable":true,"href":"https:\/\/ehooululahui.maui.hawaii.edu\/index.php?rest_route=\/wp\/v2\/users\/1"}],"replies":[{"embeddable":true,"href":"https:\/\/ehooululahui.maui.hawaii.edu\/index.php?rest_route=%2Fwp%2Fv2%2Fcomments&post=589"}],"version-history":[{"count":1,"href":"https:\/\/ehooululahui.maui.hawaii.edu\/index.php?rest_route=\/wp\/v2\/pages\/589\/revisions"}],"predecessor-version":[{"id":590,"href":"https:\/\/ehooululahui.maui.hawaii.edu\/index.php?rest_route=\/wp\/v2\/pages\/589\/revisions\/590"}],"up":[{"embeddable":true,"href":"https:\/\/ehooululahui.maui.hawaii.edu\/index.php?rest_route=\/wp\/v2\/pages\/65"}],"wp:attachment":[{"href":"https:\/\/ehooululahui.maui.hawaii.edu\/index.php?rest_route=%2Fwp%2Fv2%2Fmedia&parent=589"}],"curies":[{"name":"wp","href":"https:\/\/api.w.org\/{rel}","templated":true}]}}