{"id":596,"date":"2018-12-21T11:58:02","date_gmt":"2018-12-21T21:58:02","guid":{"rendered":"http:\/\/ehooululahui.maui.hawaii.edu\/?page_id=596"},"modified":"2018-12-21T11:58:02","modified_gmt":"2018-12-21T21:58:02","slug":"%ca%bbaukelenuia%ca%bbiku-mokuna-%ca%bbumi-kumalima","status":"publish","type":"page","link":"https:\/\/ehooululahui.maui.hawaii.edu\/?page_id=596","title":{"rendered":"\u02bbAukelenuia\u02bb\u012bk\u016b: Mokuna \u02bbUmi K\u016bm\u0101lima"},"content":{"rendered":"<style type=\"text\/css\"> \n#cmsmasters_row_69f49e8908b2a { \n\tbackground-color:#f8ecc2;\n} \n\n#cmsmasters_row_69f49e8908b2a .cmsmasters_row_outer_parent { \n\tpadding-top: 50px; \n} \n\n#cmsmasters_row_69f49e8908b2a .cmsmasters_row_outer_parent { \n\tpadding-bottom: 50px; \n} \n\n \n#cmsmasters_divider_69f49e8908e9c { \n\tborder-bottom-width:1px; \n\tborder-bottom-style:solid; \n\tpadding-top:5px; \n\tmargin-bottom:30px; \n\tborder-bottom-color:rgba(0,0,0,0.5);\n} \n<\/style><div id=\"cmsmasters_row_69f49e8908b2a\" class=\"cmsmasters_row cmsmasters_color_scheme_default cmsmasters_row_top_default cmsmasters_row_bot_default cmsmasters_row_boxed\">\n<div class=\"cmsmasters_row_outer_parent\">\n<div class=\"cmsmasters_row_outer\">\n<div class=\"cmsmasters_row_inner\">\n<div class=\"cmsmasters_row_margin\">\n<div class=\"cmsmasters_column one_first\">\n<div class=\"custom_html\">\n<iframe width=\"100%\" height=\"20\" scrolling=\"no\" frameborder=\"no\" allow=\"autoplay\" src=\"https:\/\/w.soundcloud.com\/player\/?url=https%3A\/\/api.soundcloud.com\/tracks\/436204968&color=%23ff5500&inverse=false&auto_play=false&show_user=false\"><\/iframe>\n<\/div>\n\n<div id=\"cmsmasters_divider_69f49e8908e9c\" class=\"cmsmasters_divider cmsmasters_divider_width_long cmsmasters_divider_pos_center\"><\/div>\n<div class=\"cmsmasters_text\">\n<p>Ma k\u0113ia mau \u02bb\u014dlelo a \u02bbAukelenuia\u02bb\u012bk\u016b, \u02bba\u02bbohe nalowale i k\u0101na wahine, i\u0101 N\u0101makaokaha\u02bbi. \u02bb\u012a aku ka wahine, \u201cE ka ma\u02bbalea, kuhi ana anei \u02bboe he na\u02bbaup\u014d au i k\u0101u mau hana a me k\u0101u mau \u02bb\u014dlelo ho\u02bbopunipuni? Ua maopopo ia\u02bbu, he wahine k\u0101u o kai e iho mau nei \u02bboe i n\u0101 l\u0101 a pau loa. No laila, eia ko\u02bbu mana\u02bbo i\u0101 \u02bboe: E noa ko kino i\u0101 ha\u02bbi, ma waho, a \u02bbo ka \u02bbili a me ka \u02bbi\u02bbo, na\u02bbu ia na ka mea waiwai. \u02bbA\u02bbole o\u02bbu makemake e uwa\u02bbu a e hana \u02bbino \u02bbia \u02bboe.\u201d<\/p>\n<p>Ma k\u0113ia mau \u02bb\u014dlelo a ka wahine, he aha l\u0101 ia i\u0101 \u02bbAukelenuia\u02bb\u012bk\u016b? He mea \u02bbole. Ho\u02bbomau akula n\u014d ia i ka iho i ke k\u0101m\u0101koi. A ma k\u0113ia iho \u02bbana a \u02bbAukelenuia\u02bb\u012bk\u016b, a ho\u02bbi mai, \u02bba\u02bbohe kino i koe i ka uwa\u02bbu a me ke nahu \u02bbia. A p\u0113l\u0101 me ka \u02bb\u0101\u02bb\u012b i ka uwa\u02bbu \u02bbia. A \u02bbike ka wahine, \u02bbo N\u0101makaokaha\u02bbi, i ka pau loa o ka \u02bbili o ke k\u0101ne i ka uwa\u02bbu \u02bbia a me ka ho\u02bbolohe \u02bbole n\u014d ho\u02bbi o ke k\u0101ne i\u0101 ia, ke a\u02bbo aku. No laila, ha\u02bbalele ia i ka huh\u016b i ke k\u0101ne, a lilo kona huh\u016b i n\u0101 kaikaina, i\u0101 Pele a me Hi\u02bbiaka.<\/p>\n<p>Ma \u02bbane\u02bbi, e n\u0101n\u0101 pono k\u0101kou i ka huh\u016b aloha \u02bbole o N\u0101makaokaha\u02bbi i kona mau hoah\u0101nau o ka pupu\u02bbu ho\u02bbokahi a me ka lewalewa. A ho\u02bbomaka \u02bbo N\u0101makaokaha\u02bbi i ka huh\u016b, l\u0101lau akula ia i n\u0101 kaikaina a pepehi. Ma k\u0113ia pepehi \u02bbana o N\u0101makaokaha\u02bbi, lele mai n\u0101 kaikun\u0101ne, k\u014dkua i n\u0101 kaikaina, pau p\u016b i ka \u02bbeha. Lele li\u02bbili\u02bbi n\u0101 kaikun\u0101ne me n\u0101 kaikaina i\u0101 N\u0101makaokaha\u02bbi, a ua lanakila loa ia ma luna o l\u0101kou. No laila, maka\u02bbu n\u0101 kaikaina, a hele aku ma kahi \u02bb\u0113 e noho ai. Ma k\u0113ia noho \u02bbana ma laila, ki\u02bbi akula n\u014d \u02bbo N\u0101makaokaha\u02bbi, ho\u02bbokuke i n\u0101 kaikaina. Ma ka mana\u02bbo o n\u0101 kaikaina, ua pau a\u02bbela n\u014d ka huh\u016b o ko l\u0101ua kaikua\u02bbana, o N\u0101makaokaha\u02bbi. No ka huh\u016b \u02bbino loa o ko l\u0101ua kaikua\u02bbana, no laila, ho\u02bbohiki ihola l\u0101ua, \u02bba\u02bbole e ho\u02bbi hou i hope, \u02bba\u02bbole ho\u02bbi e noho i ka \u02bb\u0101ina ho\u02bbokahi me ko l\u0101ua kaikua\u02bbana, no ka maka\u02bbu i ka huh\u016b. No laila, ma k\u0113ia kipaku \u02bbana, no\u02bbono\u02bbo ihola l\u0101ua i kahi e hele ai a noho, a ua loa\u02bba n\u014d i\u0101 l\u0101ua, \u02bbo Kaua\u02bbi.<\/p>\n<p>Ma k\u0113ia hele \u02bbana a l\u0101ua, hiki l\u0101ua ma ka \u02bb\u0101ina \u02bbo Kaua\u02bbi a noho ihola me ko l\u0101ua mana\u02bbo e ha\u02bbalele ko l\u0101ua kaikua\u02bbana i ka hahai i\u0101 l\u0101ua. \u02bbO kahi a Pele l\u0101ua \u02bbo Hi\u02bbiaka i noho mua ai o Kaua\u02bbi, \u02bbo Pu\u02bbukapele; aia ma ka hikina o M\u0101n\u0101. I\u0101 l\u0101ua e noho ana i laila, ho\u02bb\u0101 a\u02bbela l\u0101ua i ke ahi ma laila. Ma k\u0113ia \u02bb\u0101 \u02bbana o ke ahi, ua holo aku kona m\u0101lamalama i kahi ki\u02bbeki\u02bbe o Nu\u02bbumealani, \u02bbo ia kahi a N\u0101makaokaha\u02bbi e noho ana, n\u0101n\u0101 i n\u0101 kaikaina. Ua like paha ke ki\u02bbeki\u02bbe o ia \u02bb\u0101ina me ke kuahiwi \u02bbo Ka\u02bbala.<\/p>\n<p>I\u0101 Pele m\u0101 e ho\u02bb\u0101 ana i ke ahi a \u02bbike \u02bbo N\u0101makaokaha\u02bbi, i ia w\u0101 n\u014d \u02bbo N\u0101makaokaha\u02bbi i hiki ai i Kaua\u02bbi a hakak\u0101 me n\u0101 kaikaina. Ma k\u0113ia hakak\u0101 \u02bbana, kokoke e lanakila \u02bbo Pele m\u0101 l\u0101ua \u02bbo Hi\u02bbiaka, ak\u0101, no ka nui loa o ko N\u0101makaokaha\u02bbi ikaika, ua pio l\u0101ua i ia l\u0101. No laila, kipaku \u02bbia mai l\u0101ua mai Kaua\u02bbi mai, a hele a noho i O\u02bbahu. No k\u0113ia hakak\u0101 \u02bbana, ua kapa \u02bbia k\u0113l\u0101 \u02bb\u0101ina \u02bbo Pu\u02bbukapele a hiki i k\u0113ia l\u0101.<\/p>\n<p>Ma hope o k\u0113ia ha\u02bbalele \u02bbana i\u0101 Kaua\u02bbi, hele maila \u02bbo Pele l\u0101ua \u02bbo Hi\u02bbiaka a noho i Ke\u0101liapa\u02bbakai ma Moanalua, O\u02bbahu. Ma laila l\u0101ua i \u02bbeli ai a k\u0101k\u0101 i ka lepo, a noho ihola ma laila. Ua lawe p\u016b mai l\u0101ua i ka manu a me ka pa\u02bbakai, a ma laila i h\u0101\u02bbule ai k\u0113ia mau mea, \u02bbo ka pa\u02bbakai a me ka manu. No laila, kapa \u02bbia k\u0113ia mau inoa \u02bbelua \u02bbo Ke\u0101liamanu a me Ke\u0101liapa\u02bbakai.<\/p>\n<p>Ha\u02bbalele l\u0101ua i\u0101 \u0100liapa\u02bbakai no ka p\u0101pa\u02bbu, hele akula l\u0101ua a noho i L\u0113\u02bbahi. I\u0101 l\u0101ua e noho ana ma L\u0113\u02bbahi, ho\u02bb\u0101\u02bbo ihola l\u0101ua i ke k\u014dhi i ka lepo no ka p\u0101pa\u02bbu. Ha\u02bbalele l\u0101ua a hele hou akula mai L\u0113\u02bbahi aku a hiki i Moloka\u02bbi, ma Kalaupapa. Noho ihola l\u0101ua i laila.<\/p>\n<p>Ma k\u0113ia noho \u02bbana i laila, k\u014dhi ihola l\u0101ua i ka lepo a loa\u02bba ke kai o lalo. Ha\u02bbalele ihola l\u0101ua i\u0101 Moloka\u02bbi. Ua kapa \u02bbia na\u02bbe ia lua a l\u0101ua i k\u014dhi ai \u02bbo Kauhak\u014d. Ma laila aku l\u0101ua i hele ai a noho ma Haleakal\u0101 ma Maui. K\u014dhi ihola l\u0101ua i ka lua a h\u0101mama i luna o ke kuahiwi. Na Pele l\u0101ua me Hi\u02bbiaka ke \u02bb\u0101 o Hanaka\u02bbie\u02bbie ma Kahikinui.<\/p>\n<p>Ma \u02bbane\u02bbi k\u0101kou e \u02bb\u014dlelo ai no N\u0101makaokaha\u02bbi. I\u0101 Pele l\u0101ua \u02bbo Hi\u02bbiaka ma Kaua\u02bbi, i ia w\u0101 l\u0101kou i hakak\u0101 ai me ka ikaika loa a pio \u02bbo Pele l\u0101ua \u02bbo Hi\u02bbiaka, ho\u02bbokuke \u02bbia mai l\u0101ua. I\u0101 l\u0101ua e hele ana ma ka ho\u02bbokuke a N\u0101makaokaha\u02bbi, ho\u02bbi akula \u02bbo N\u0101makaokaha\u02bbi a noho i Nu\u02bbumealani, \u02bbo ia ka \u02bb\u0101ina ki\u02bbeki\u02bbe e n\u0101n\u0101 ana i\u0101 Maui. I\u0101 N\u0101makaokaha\u02bbi e noho ana i Nu\u02bbumealani, \u02bbike maila ia i\u0101 Pele l\u0101ua \u02bbo Hi\u02bbiaka e ho\u02bb\u0101 ana i ke ahi i luna o ke kuahiwi o Maui. A laila, ha\u02bbalele \u02bbo N\u0101makaokaha\u02bbi i\u0101 Nu\u02bbumealani, hele maila a hiki i Maui. Hakak\u0101 ihola l\u0101kou, a make loa \u02bbo Pele. Ho\u02bbi akula \u02bbo N\u0101makaokaha\u02bbi a noho i luna o Nu\u02bbumealani. Ma hope o laila, n\u0101n\u0101 hou maila \u02bbo ia i\u0101 Hawai\u02bbi. Ma k\u0113ia n\u0101n\u0101 \u02bbana, e \u02bb\u0101 hou aku ana ke ahi a Pele i Mauna Loa. No laila, ha\u02bbalele \u02bbo N\u0101makaokaha\u02bbi i kona mana\u02bbo e pepehi i\u0101 Pele l\u0101ua \u02bbo Hi\u02bbiaka.<\/p>\n<p>A hala ka w\u0101 l\u014d\u02bbihi, hakak\u0101 n\u0101 keiki \u02bbelua. \u02bbO ke kumu o ka hakak\u0101 \u02bbana, i pa\u02bbi \u02bbia ka lae o Kauilanuimaka\u02bbehaikalani e kona kaikua\u02bbana, ke keiki a ka mua loa o \u02bbAukelenuia\u02bb\u012bk\u016b; \u02bbo ia k\u0113l\u0101 keiki leo kapu loa. \u02bb\u014clelo ho\u02bb\u0101k\u0101ka: \u02bbo k\u0113ia mau keiki \u02bbelua, ho\u02bbokahi keiki kanaka, ho\u02bbokahi keiki akua. \u02bbO ke keiki akua, \u02bbo Kauilanu imaka\u02bbehaikalani. I\u0101 l\u0101ua e hakak\u0101 ana, \u02bb\u014dlelo aku \u02bbo Kauilanuimaka\u02bbehaikalani, penei:<\/p>\n<blockquote>\n<p>\u201cKa po\u02bbe make iki,<\/p>\n<p>He po\u02bbe \u02bbai \u02bboukou na ka ilo,<\/p>\n<p>He po\u02bbe iwi kuakea,<\/p>\n<p>Na ko\u02bbu mau m\u0101kua \u02bboukou i ho\u02bb\u014dla,<\/p>\n<p>He po\u02bbe \u02bboukou a moe ana i lalo o ke kai;<\/p>\n<p>Ua popo n\u0101 maka.\u201d<\/p>\n<\/blockquote>\n<p>Ma k\u0113ia mau \u02bb\u014dlelo a ua keiki l\u0101, ua huh\u016b loa n\u0101 m\u0101kua. No laila, p\u0101p\u0101 maila n\u0101 m\u0101kua \u02bba\u02bbole e ho\u02bbi i Kuaihelani, ko l\u0101kou \u02bb\u0101ina. A \u02bbike ko l\u0101kou kaikaina a me ka wahine e ho\u02bbi ana, kaohi mai l\u0101ua e noho, \u02bba\u02bbole e ho\u02bbi. He mea \u02bbole ia i ko l\u0101kou mana\u02bbo. A m\u0101kaukau l\u0101kou e ho\u02bbi, ho\u02bbi maila l\u0101kou a ka moana, lo\u02bbohia l\u0101kou i ka p\u014d\u02bbino a me ka make. No laila, ua pale hou l\u0101kou i lalo o ka moana a make ihola. A ma \u02bbane\u02bbi, ua pau loa ka \u02bb\u014dlelo no l\u0101kou, ua make akula. A e \u02bb\u014dlelo k\u0101kou no n\u0101 mea i koe, no N\u0101makaokaha\u02bbi a me \u02bbAukelenuia\u02bb\u012bk\u016b.<\/p>\n<p>A li\u02bbuli\u02bbu ko l\u0101ua noho \u02bbana, he k\u0101ne a he wahine, a ma hope o k\u0113ia noho \u02bbolu\u02bbolu \u02bbana, nonoi aku \u02bbo \u02bbAukelenuia\u02bb\u012bk\u016b i k\u0101na wahine \u02bbo N\u0101makaokaha\u02bbi, penei: \u201cE ku\u02bbu wahine, ua nui n\u0101 l\u0101 i hala i\u0101 k\u0101ua o ka noho p\u016b \u02bbana. A ua kokoke e make ma k\u0113ia \u02bb\u0101ina malihini. No laila, ke nonoi aku nei au i\u0101 \u02bboe, e \u02bbae mai \u02bboe ia\u02bbu e holo au e \u02bbike i n\u0101 m\u0101kua o k\u0101ua.\u201d<\/p>\n<\/div>\n<\/div>\n<\/div>\n<\/div>\n<\/div>\n<\/div>\n<\/div>\n\n","protected":false},"excerpt":{"rendered":"","protected":false},"author":1,"featured_media":0,"parent":65,"menu_order":0,"comment_status":"closed","ping_status":"closed","template":"","meta":[],"_links":{"self":[{"href":"https:\/\/ehooululahui.maui.hawaii.edu\/index.php?rest_route=\/wp\/v2\/pages\/596"}],"collection":[{"href":"https:\/\/ehooululahui.maui.hawaii.edu\/index.php?rest_route=\/wp\/v2\/pages"}],"about":[{"href":"https:\/\/ehooululahui.maui.hawaii.edu\/index.php?rest_route=\/wp\/v2\/types\/page"}],"author":[{"embeddable":true,"href":"https:\/\/ehooululahui.maui.hawaii.edu\/index.php?rest_route=\/wp\/v2\/users\/1"}],"replies":[{"embeddable":true,"href":"https:\/\/ehooululahui.maui.hawaii.edu\/index.php?rest_route=%2Fwp%2Fv2%2Fcomments&post=596"}],"version-history":[{"count":1,"href":"https:\/\/ehooululahui.maui.hawaii.edu\/index.php?rest_route=\/wp\/v2\/pages\/596\/revisions"}],"predecessor-version":[{"id":597,"href":"https:\/\/ehooululahui.maui.hawaii.edu\/index.php?rest_route=\/wp\/v2\/pages\/596\/revisions\/597"}],"up":[{"embeddable":true,"href":"https:\/\/ehooululahui.maui.hawaii.edu\/index.php?rest_route=\/wp\/v2\/pages\/65"}],"wp:attachment":[{"href":"https:\/\/ehooululahui.maui.hawaii.edu\/index.php?rest_route=%2Fwp%2Fv2%2Fmedia&parent=596"}],"curies":[{"name":"wp","href":"https:\/\/api.w.org\/{rel}","templated":true}]}}