{"id":611,"date":"2018-12-21T15:04:39","date_gmt":"2018-12-22T01:04:39","guid":{"rendered":"http:\/\/ehooululahui.maui.hawaii.edu\/?page_id=611"},"modified":"2018-12-21T15:04:39","modified_gmt":"2018-12-22T01:04:39","slug":"lonoikamakahiki-mokuna-%ca%bbelima","status":"publish","type":"page","link":"https:\/\/ehooululahui.maui.hawaii.edu\/?page_id=611","title":{"rendered":"Lonoikamakahiki: Mokuna \u02bbElima"},"content":{"rendered":"<style type=\"text\/css\"> \n#cmsmasters_row_69e8664310888 { \n\tbackground-color:#f8ecc2;\n} \n\n#cmsmasters_row_69e8664310888 .cmsmasters_row_outer_parent { \n\tpadding-top: 50px; \n} \n\n#cmsmasters_row_69e8664310888 .cmsmasters_row_outer_parent { \n\tpadding-bottom: 50px; \n} \n\n \n#cmsmasters_divider_69e8664311114 { \n\tborder-bottom-width:1px; \n\tborder-bottom-style:solid; \n\tpadding-top:5px; \n\tmargin-bottom:30px; \n\tborder-bottom-color:rgba(0,0,0,0.5);\n} \n<\/style><div id=\"cmsmasters_row_69e8664310888\" class=\"cmsmasters_row cmsmasters_color_scheme_default cmsmasters_row_top_default cmsmasters_row_bot_default cmsmasters_row_boxed\">\n<div class=\"cmsmasters_row_outer_parent\">\n<div class=\"cmsmasters_row_outer\">\n<div class=\"cmsmasters_row_inner\">\n<div class=\"cmsmasters_row_margin\">\n<div class=\"cmsmasters_column one_first\">\n<div class=\"custom_html\">\n<iframe width=\"100%\" height=\"20\" scrolling=\"no\" frameborder=\"no\" allow=\"autoplay\" src=\"https:\/\/w.soundcloud.com\/player\/?url=https%3A\/\/api.soundcloud.com\/tracks\/483028527&color=%23ff5500&inverse=false&auto_play=false&show_user=false\"><\/iframe>\n<\/div>\n\n<div id=\"cmsmasters_divider_69e8664311114\" class=\"cmsmasters_divider cmsmasters_divider_width_long cmsmasters_divider_pos_center\"><\/div>\n<div class=\"cmsmasters_text\">\n<p style=\"text-align: center;\">KA PILI \u02bbANA O K\u0100KUHIHEWA ME LONOIKAMAKAHIKI<\/p>\n<p>Ma hope iho o ko K\u0101kuhihewa lohe \u02bbana i\u0101 Loli no ko Lonoikamakahiki ha\u02bbi \u02bbana mai, nona ka inoa, ke mele ho\u02bbi a l\u0101ua e ho\u02bbop\u0101p\u0101 nei, a laila, \u02bb\u014dlelo p\u016b a\u02bbela n\u0101 Ali\u02bbi \u02bbelua, no n\u0101 kumu pili a l\u0101ua. Maopopo a\u02bbela, h\u0101\u02bbawi maila \u02bbo K\u0101kuhihewa i ka \u02bb\u0101ina, mai ka lae o L\u0113\u02bbahi a ka lae o Ka\u02bbena, mau i\u0101 \u02bbEle\u02bbeleualani, ke k\u0101hili nui o Lonoikamakahiki. A no ko Lonoikamakahiki h\u014d\u02bbole \u02bbana aku i ka pili i\u0101 K\u0101kuhihewa, a laila, h\u0101\u02bbawi hou maila ua \u02bbo K\u0101kukihewa i ka \u02bb\u0101ina mai ka lae o Ka\u02bbena a Kalaeoka\u02bb\u014d\u02bbio ma Kualoa.<\/p>\n<p>A no k\u0113ia pili \u02bbana mai a K\u0101kuhihewa, \u02bbane\u02bbane e pau loa \u02bbo O\u02bbahu nei, a laila, \u02bb\u014dlelo aku \u02bbo Lonoikamakahiki: \u201c \u02bbA\u02bbole e mau ku\u02bbu k\u0101hili i ia pili.\u201d<\/p>\n<p>\u02bb\u012a aku \u02bbo K\u0101kuhihewa: \u201c \u02bbOle a\u02bbela ka\u02bbu pili. I\u0101 \u02bboe mai ho\u02bbi ia wahi.\u201d<\/p>\n<p>\u02bb\u012a aku \u02bbo Lonoikamakahiki: \u201c\u02bbO ku\u02bbu k\u0101hili a mau i\u0101 loko o ka hale, a laila, \u02bbae wau.\u201d<\/p>\n<p>\u02bb\u012a aku \u02bbo K\u0101kuhihewa: \u201cUa mau; \u02bbo loko wale a\u02bbela n\u014d k\u0101 ho\u02bbi o ka hale ka pili o kou k\u0101hili l\u0101. Mai lilo hewa ka \u02bb\u0101ina i\u0101 \u02bboe.\u201d<\/p>\n<p>A pau k\u0101 l\u0101ua pili \u02bbana, \u02bbakahi n\u014d a h\u0101\u02bbawi \u02bbia aku ka malo a me ke kapa o Lonoikamakihiki. \u02bb\u012a aku \u02bbo K\u0101kuhihewa: \u201cI\u0101 \u02bboe mua. E hana mai \u02bboe i kou inoa, a pau ho\u02bbi k\u0101u hana \u02bbana, a laila, i\u0101 m\u0101kou aku.\u201d<\/p>\n<p>\u02bb\u012a aku \u02bbo Lonoikamakahiki: \u201cI\u0101 \u02bboukou paha mua, i ka po\u02bbe lawe wale i ka inoa o kekahi. No \u02bboukou ihola k\u0101 ho\u02bbi ia inoa a \u02bbo ke ak\u0101ka ia o ko \u02bboukou inoa; a pau ho\u02bbi k\u0101 \u02bboukou, a laila, ia\u02bbu aku.\u201d<\/p>\n<p>A no k\u0101 Lonoikamakahiki \u02bb\u014dlelo \u02bbana aku i\u0101 K\u0101kuhihewa p\u0113l\u0101, a laila, lilo mua a\u02bbela i\u0101 K\u0101kuhihewa ka hana mua o ke mele a l\u0101kou i a\u02bbo ai me \u02bb\u014chaikawili\u02bbula. A eia ma lalo iho ua wahi mele l\u0101 a l\u0101ua e ho\u02bbop\u0101p\u0101 nei:<\/p>\n<blockquote>\n<p>\u02bbO ke \u0101lialia li\u02bbu o M\u0101n\u0101,<\/p>\n<p>Ke uhai l\u0101 n\u014d.<\/p>\n<p>Ke uhai l\u0101 ka wai,<\/p>\n<p>Ke uhai l\u0101 ka wai a Kamakahou,<\/p>\n<p>Wai \u0101lialia,<\/p>\n<p>Wai o M\u0101n\u0101.<\/p>\n<p>Me he kai l\u0101 ka wai,<\/p>\n<p>Me he wai l\u0101 ke kai,<\/p>\n<p>Me he kai l\u0101 ka wai a Kamakahou.<\/p>\n<p>\u02bbO ka \u02bbainak\u014d a\u02bbu i \u02bbai a kiola, ha\u02bbalele.<\/p>\n<p>Ho\u02bbi aku a mua,<\/p>\n<p>Ho\u02bbohewahewa mai.<\/p>\n<p>Ho\u02bbi ana i ke kua, i ke alo.<\/p>\n<p>\u02bbO ka iliau loha i ka l\u0101,<\/p>\n<p>P\u016b\u02bbolo hau kakahiaka.<\/p>\n<p>Hele ke \u0101lia o \u0100lia\u02bb\u014dma\u02bbo<\/p>\n<p>Hele kanu kupapa\u02bbu,<\/p>\n<p>\u02bbO ke kaha i Nonohili.<\/p>\n<p>H\u0101lala n\u0101 niu i kai o P\u014dki\u02bbi,<\/p>\n<p>Ho\u02bb\u0101kua wale l\u0101 \u02bbo Makali\u02bbi.<\/p>\n<\/blockquote>\n<p>\u201cAia l\u0101, holo ko m\u0101kou inoa, a i\u0101 \u02bboe ho\u02bbi.\u201d \u02bb\u012a aku \u02bbo Lonoikamakahiki:<\/p>\n<p>\u201c \u02bbA\u02bbole no \u02bboukou ka inoa, no\u02bbu ka inoa.\u201d \u02bb\u012a akula \u02bbo K\u0101kuhihewa: \u201c \u02bbO ke ak\u0101ka ia o kou inoa ke hana mai \u02bboe.\u201d A laila, hana akula \u02bbo Lonoikamakahiki i kona inoa pono\u02bb\u012b a H\u0101una i a\u02bbo mai ai i\u0101 ia, a ho\u02bbohui p\u016b akula me ke mele a ka wahine o Kaua\u02bbi i a\u02bbo mai ai i\u0101 l\u0101ua, e like me ma lalo iho:<\/p>\n<blockquote>\n<p>\u02bbO Kaikahonua i\u0101 \u02bbElekaukama,<\/p>\n<p>\u02bbO H\u0101lalaka\u02bbuluonae,<\/p>\n<p>\u02bbO N\u0101n\u0101makaika\u02bbeleua,<\/p>\n<p>\u02bbO M\u0101hehaluakama,<\/p>\n<p>\u02bbO Lalo ia, Lalo a\u02bbe Kama,<\/p>\n<p>\u02bbO Ho\u02bbopilik\u016bl\u014d k\u014d i ka manawa,<\/p>\n<p>\u02bbO K\u016bkuluohalaaniani,<\/p>\n<p>\u02bbO H\u0101ne\u02bbe aku \u02bbo h\u0101ne\u02bbe mai,<\/p>\n<p>\u02bbO H\u0101ne\u02bbe i ke au Kama.<\/p>\n<p>\u02bbO ka papa o ka lewa Kama,<\/p>\n<p>\u02bbO ka papa o K\u016b\u02bbami,<\/p>\n<p>\u02bbO Paepaeilani,<\/p>\n<p>\u02bbO Kekupuai\u02bb\u0101wa\u02bbawa\u02bba.<\/p>\n<p>\u02bbO ke au o Haki\u02bb\u0101wihi Kama,<\/p>\n<p>\u02bbO H\u0101kek\u014d\u02bbai e Lono,<\/p>\n<p>\u02bbO \u02bb\u014cpu\u02bbukahonua, Kamakalewa,<\/p>\n<p>\u02bbO Noiaku Kam\u0101h\u016bola,<\/p>\n<p>\u02bbO Peu \u02bbo Kiha,<\/p>\n<p>Ka papa o Kama,<\/p>\n<p>\u02bbO H\u0101\u02bbena Koenamimi,<\/p>\n<p>\u02bb\u014cpiopio i ka ulu a Lonoka\u02bbeho.<\/p>\n<p>\u02bbO wai \u02bboe?<\/p>\n<p>\u02bbO K\u0101k\u0101\u02bbeke,<\/p>\n<p>\u02bbO Hanak\u0101\u02bbeke,<\/p>\n<p>\u02bbO N\u0101n\u0101k\u0101 \u02bbeke,<\/p>\n<p>\u02bbO Pa\u02bbak\u0101 \u02bbeke,<\/p>\n<p>\u02bbO Ma\u02bbak\u0101\u02bbeke,<\/p>\n<p>\u02bbO K\u0101\u02bbeke ia k\u016b i ka \u02bbie\u02bbie,<\/p>\n<p>\u02bbO K\u0101\u02bbeke ia, K\u0101\u02bbekea\u02bbelua,<\/p>\n<p>\u02bbElua Honokeana ke<\/p>\n<p>ana, \u02bbElua ana \u02bbopihi,<\/p>\n<p>\u02bbEkolu Kahana,<\/p>\n<p>\u02bbElua Mailepai,<\/p>\n<p>\u02bbElua Honokawai,<\/p>\n<p>\u02bbO Kawailua,<\/p>\n<p>I kolu i\u0101 Keka\u02bba,<\/p>\n<p>\u02bbEh\u0101 l\u0101 M\u0101hinahina,<\/p>\n<p>\u02bbO ka luna i \u02bbAlaeloa.<\/p>\n<p>\u02bbEh\u0101 l\u0101 \u02bb\u0101ina Hono,<\/p>\n<p>\u02bbO Honokahua,<\/p>\n<p>\u02bbO Honolua,<\/p>\n<p>\u02bbO Honok\u014dhau,<\/p>\n<p>\u02bbO Honopou,<\/p>\n<p>\u02bbAh\u0101 l\u0101 \u02bb\u0101ina Hono,<\/p>\n<p>\u02bbAlima l\u0101 i\u0101 Kahakuloa,<\/p>\n<p>\u02bbO Kahakuloa l\u0101 \u02bbaono,<\/p>\n<p>\u02bbO Makalina l\u0101 \u02bbawalu,<\/p>\n<p>\u02bbO Waihe\u02bbe l\u0101 \u02bbaiwa,<\/p>\n<p>\u02bbAiwa i Honokea,<\/p>\n<p>\u02bbO n\u0101 m\u0101hele i Wailuku.<\/p>\n<p>Ka \u02bbumi,<\/p>\n<p>Kahi Ko\u02bbolau \u0113,<\/p>\n<p>Kahi Wailuku \u0113.<\/p>\n<p>Kahi P\u0101\u02bbia,<\/p>\n<p>Kahi Kaho\u02bbokuli ke haele;<\/p>\n<p>\u02bbElua,<\/p>\n<p>\u02bbElua k\u016b mai,<\/p>\n<p>\u02bbElua,<\/p>\n<p>\u02bbElua noho a\u02bbe,<\/p>\n<p>\u02bbElua,<\/p>\n<p>\u02bbElua pili wale i Kea\u02bbahala,<\/p>\n<p>\u02bbElua,<\/p>\n<p>\u02bbElua Nua\u02bbailua,<\/p>\n<p>\u02bbEkolu,<\/p>\n<p>\u02bbEkolu Makaiwa,<\/p>\n<p>\u02bbEkolu,<\/p>\n<p>\u02bbEkolu P\u0101p\u0101,<\/p>\n<p>\u02bbEh\u0101,<\/p>\n<p>\u02bbEh\u0101 Waipi\u02bbo,<\/p>\n<p>\u02bbEh\u0101,<\/p>\n<p>\u02bbEh\u0101 ka uka i Halehaku,<\/p>\n<p>\u02bbElima,<\/p>\n<p>\u02bbElima Pa\u02bbuwela,<\/p>\n<p>\u02bbElima,<\/p>\n<p>\u02bbElima Hul\u0113\u02bbia,<\/p>\n<p>\u02bbElima,<\/p>\n<p>\u02bbElima n\u0101 k\u0101naka,<\/p>\n<p>Alualu o ke kaha wale i P\u0101\u02bbie,<\/p>\n<p>He \u02bboi \u02bbahiku,<\/p>\n<p>\u02bbEhiku P\u016blehu,<\/p>\n<p>\u02bbEhiku M\u0101n\u0101,<\/p>\n<p>\u02bbEhiku ka \u02bb\u014dhi\u02bba i Paukauila,<\/p>\n<p>He \u02bbumi,<\/p>\n<p>He \u02bbumi \u02bbo Lele,<\/p>\n<p>He \u02bbumi,<\/p>\n<p>He \u02bbumi \u02bbo Moloka\u02bbi,<\/p>\n<p>He \u02bbumi,<\/p>\n<p>He \u02bbumi \u02bbo L\u0101na\u02bbi,<\/p>\n<p>He \u02bbumi,<\/p>\n<p>He \u02bbumi \u02bbo Kanaloa Kaho\u02bbolawe,<\/p>\n<p>Ka hono ka ho\u02bboku\u02bbi o n\u0101 moku,<\/p>\n<p>\u02bbO k\u0101na P\u016biki a\u02bbe ka ipo aloha,<\/p>\n<p>Kope a\u02bbe kope a\u02bbe,<\/p>\n<p>Aia Hilo l\u0101,<\/p>\n<p>Ke \u02bbako maila,<\/p>\n<p>Kaupaku maila,<\/p>\n<p>Aia ko ipo l\u0101,<\/p>\n<p>Ke hele a\u02bbela,<\/p>\n<p>K\u0101l\u0101\u02bbau i ka waha \u0113,<\/p>\n<p>Pe\u02bbahi ka lima \u0113,<\/p>\n<p>E k\u016bnou n\u0101 maka,<\/p>\n<p>O hilahila i\u0101 ia ala,<\/p>\n<p>A \u02bb\u012b wale i n\u0101<\/p>\n<p>k\u012blou pali \u0113,<\/p>\n<p>Wai O\u02bbahu \u0113.<\/p>\n<p>Ahu maila i luna,<\/p>\n<p>Ha\u02bbaha\u02bba \u02bbo Kaunuohua,<\/p>\n<p>He pu\u02bbu kolo i N\u012bhoa,<\/p>\n<p>K\u0113l\u0101 pali \u0113,<\/p>\n<p>K\u0113ia pali \u0113,<\/p>\n<p>P\u0101l\u0101\u02bbau \u0113,<\/p>\n<p>Ka hiwa i lalo \u0113.<\/p>\n<p>A noho,<\/p>\n<p>A noho e K\u016b,<\/p>\n<p>Kuhi ua palu \u0113,<\/p>\n<p>K\u016bkahaulani,<\/p>\n<p>Makak\u016b manu \u0113.<\/p>\n<p>He po\u02bbo manu \u0113,<\/p>\n<p>A he nuku manu \u0113,<\/p>\n<p>He alelo manu \u0113,<\/p>\n<p>\u02bb\u0100\u02bb\u012b manu \u0113,<\/p>\n<p>\u02bb\u0112heu manu \u0113,<\/p>\n<p>Umauma manu \u0113,<\/p>\n<p>A he kino manu \u0113,<\/p>\n<p>\u02bb\u016ah\u0101 manu \u0113,<\/p>\n<p>He k\u0101 manu \u0113,<\/p>\n<p>Puapua manu \u0113,<\/p>\n<p>He kuli manu \u0113,<\/p>\n<p>W\u0101wae manu \u0113,<\/p>\n<p>M\u0101iu\u02bbu manu \u0113,<\/p>\n<p>He hulu manu \u0113,<\/p>\n<p>Kani \u02bb\u0101\u02bb\u012b manu \u0113,<\/p>\n<p>A he pu\u02bbu manu \u0113,<\/p>\n<p>He ake manu \u0113,<\/p>\n<p>Na\u02bbau manu \u0113.<\/p>\n<p>Ka ua manu iki.<\/p>\n<p>Hele \u02bboe i waho,<\/p>\n<p>I ka uka nahele,<\/p>\n<p>I noho i Kona nei,<\/p>\n<p>I ke k\u0101\u02bbe\u02bbe pua, \u02bbo ke \u02bbi\u02bbi,<\/p>\n<p>Ka h\u0101pai pua o Kea\u02bbau; \u02bbO Hanalei,<\/p>\n<p>\u02bbO Hanalei kumu a ka ua,<\/p>\n<p>I amo a ha\u02bbaha\u02bba;<\/p>\n<p>I k\u016b i luna o ka pu\u02bbu,<\/p>\n<p>I hala i lalo ka malu,<\/p>\n<p>Ik\u012bki n\u0101 hoa, manak\u0101 \u02bbino \u0113.<\/p>\n<p>E h\u0101pai ka wa\u02bba,<\/p>\n<p>E \u02bbe\u02bbe aku k\u0101naka,<\/p>\n<p>Me n\u0101 houhou,<\/p>\n<p>Me n\u0101 nakinaki,<\/p>\n<p>Me n\u0101 lanalana,<\/p>\n<p>\u02bbE\u02bbe aku, hoe aku, kau aku.<\/p>\n<p>Ua kau ke ala wa\u02bba,<\/p>\n<p>\u02bbO Lelepah\u016b, \u02bbo Hawai\u02bbi,<\/p>\n<p>\u02bbO Hawai\u02bbi Nui a K\u0101ne,<\/p>\n<p>\u02bbO Hilo a K\u0101ne a Kapu,<\/p>\n<p>\u02bbO Hilo a ka pali,<\/p>\n<p>\u02bbO K\u016b \u02bbai lehua,<\/p>\n<p>Hoa aloha wale o Kalale\u02bba m\u0101<\/p>\n<p>e noho maila,<\/p>\n<p>E noho maila,<\/p>\n<p>I k\u016b i Kona ka hale,<\/p>\n<p>I Ko\u02bbolau ke alo, I Tahiti ka paia,<\/p>\n<p>I H\u0101lawa ka pou,<\/p>\n<p>I Kauhuhu a Pele, a Peu \u0113.<\/p>\n<p>He kua \u02bbo Moloka\u02bbi,<\/p>\n<p>\u02bbO L\u0101na\u02bbi ke alo,<\/p>\n<p>He aha Molokini?<\/p>\n<p>Kahua a \u02bb\u014dlelo Wailuku \u0113,<\/p>\n<p>He aha Kulaloa?<\/p>\n<p>Kaupaku Lanakila.<\/p>\n<p>Kaluanui \u02bbo Kaluanui,<\/p>\n<p>Ke k\u016b l\u0101 i n\u0101 pu\u02bbu m\u0101hoe,<\/p>\n<p>N\u0101 hale loulu a K\u0101ne,<\/p>\n<p>I \u02bbako no\u02bbu i Auahi.<\/p>\n<p>Ka \u02bbuala o Pu\u02bbukam\u0101\u02bbele.<\/p>\n<p>\u02bbO Kipapai \u02bbo Honoka\u02bbupu.<\/p>\n<p>\u02bbO ka \u02bbo\u02bbopu o Waikolu,<\/p>\n<p>E ho\u02bbi ana wau e \u02bbai,<\/p>\n<p>He kala ku\u02bbu i\u02bba e \u02bbai ai,<\/p>\n<p>A m\u0101\u02bbona.<\/p>\n<p>He i\u02bba p\u0101 ia na ku\u02bbu Akua,<\/p>\n<p>Ho\u02bbokomokomo ka wa\u02bba,<\/p>\n<p>\u02bbO Kaluako\u02bbi,<\/p>\n<p>\u02bbO ke kaha wale o Pu\u02bbumomi,<\/p>\n<p>Ho\u02bb\u014dmo Wailau,<\/p>\n<p>\u02bbO \u02bbUmipi\u02bbilani.<\/p>\n<p>\u02bbO ke \u0101lialia o M\u0101n\u0101.<\/p>\n<p>Ke uhai l\u0101 n\u014d.<\/p>\n<p>Ke uhai l\u0101 ka wai a Kamakahou,<\/p>\n<p>Wai \u0101lialia,<\/p>\n<p>Wai o M\u0101n\u0101,<\/p>\n<p>Me he kai ka wai,<\/p>\n<p>Me he wai ke kai,<\/p>\n<p>\u02bbO ka \u02bbainak\u014d a\u02bbu i \u02bbai,<\/p>\n<p>Kiola, ha\u02bbalele, poina,<\/p>\n<p>Ho\u02bbi aku a mua,<\/p>\n<p>Ho\u02bbohewahewa mai.<\/p>\n<p>Ho\u02bbi ana i ke kua, i ke alo.<\/p>\n<p>\u02bbO ka iliau loha i ka l\u0101.<\/p>\n<p>P\u016b\u02bbolo hau kakahiaka.<\/p>\n<p>Ho\u02bbi ana i ke kua i ke alo,<\/p>\n<p>\u02bbO L\u0101\u02bbauhaele,<\/p>\n<p>Hele ke \u0101lia o \u0100lia\u02bb\u014dma\u02bbo<\/p>\n<p>Hele a\u02bbe kanu kupapa\u02bbu,<\/p>\n<p>\u02bbO ke kaha i Nonohili.<\/p>\n<p>H\u0101lala n\u0101 niu i kai o P\u014dki\u02bbi,<\/p>\n<p>Ho\u02bb\u0101kua wale l\u0101 \u02bbo Makali\u02bbi.<\/p>\n<\/blockquote>\n<p>Ma k\u0113ia wahi, e ho\u02bbokomo iho i ke mele i koe, he wahi inoa no Lonoikamakahiki, a \u02bbo ia ke mele i lohe ai \u02bbo L\u0101nahu\u02bbimihaku, a \u02bbo ia ke mele i k\u0101mau \u02bbia mai ma luna o ke mele a l\u0101ua i a\u02bbo \u02bbia ai e \u02bb\u014chaikawili\u02bbula.<\/p>\n<p>I k\u0113l\u0101 manawa a Lonoikamakahiki e heluhelu ana i k\u0113l\u0101 mele a \u02bb\u014chaikawili\u02bbula i a\u02bbo ai i\u0101 K\u0101kuhihewa m\u0101, a \u02bbike akula ua loa\u02bba k\u0113l\u0101 mele i\u0101 Lonoikamakahiki, \u02bb\u012b akula \u02bbo K\u0101kuhihewa i\u0101 L\u0101nahu\u02bbimihaku m\u0101: \u201c \u02bb\u0112! Ua loa\u02bba ho\u02bbi h\u0101 k\u0113l\u0101 mele i\u0101 Lonoikamakahiki?\u201d<\/p>\n<p>\u02bb\u012a aku \u02bbo L\u0101nahu\u02bbimihaku i\u0101 K\u0101kuhihewa: \u201c \u02bbO ia paha, no ka mea, noho wale mai nei no m\u0101kou i Hawai\u02bbi \u02bba\u02bbole ona inoa penei. Mali\u02bba paha ua holo a\u02bbe kekahi wa\u02bba ma ka moana a\u02bbe a Hawai\u02bbi, a\u02bbo mai nei i k\u0113ia mele.\u201d<\/p>\n<p>I ka manawa i eo ai \u02bbo K\u0101kuhihewa m\u0101 i\u0101 Lonoikamakahiki, a laila, k\u0113n\u0101 a\u02bbela \u02bbo K\u0101kuhihewa i n\u0101 k\u0101naka a pau o loko o ka hale, e puka i waho a koe iho ka hale no ke ali\u02bbi o Hawai\u02bbi, no Lonoikamakahiki. I\u0101 K\u0101kuhihewa i k\u0113n\u0101 ai i n\u0101 k\u0101naka e hele, i ia manawa, puka akula n\u0101 k\u0101naka i waho. Aia na\u02bbe ua make maila ka po\u02bbe mua i\u0101 Lonoikamakahiki, a no k\u0113ia mea, kuemi hou n\u0101 k\u0101naka i loko o ka hale, no ka mea, ua maka\u02bbu akula i ka make mai i\u0101 Lonoikamakahiki. A no ia ho\u02bbi hope \u02bbana mai o n\u0101 k\u0101naka mai waho mai o ka hale, n\u012bnau aku \u02bbo K\u0101kuhihewa, me ka \u02bb\u012b aku: \u201cHe aha k\u0101 ho\u02bbi ka mea i ho\u02bbi hou mai ai n\u0101 k\u0101naka i loko nei? Kain\u014d, he hele aku ko k\u0101kou, a waiho iho ka hale nona?\u201d<\/p>\n<p>\u02bb\u012a akula n\u0101 k\u0101naka: \u201cHe aha mai k\u0101 k\u0101u! \u02bbO k\u0101u pili \u02bbino \u02bbana iho nei; \u02bbo Mea a me Mea, ua make akula i\u0101 Lonikamakahiki. Eia k\u0101, i pili aku nei \u02bboe, e make m\u0101kou.\u201d<\/p>\n<p>A lohe \u02bbo K\u0101kuhihewa i k\u0113ia leo, a laila, \u02bb\u014dlelo akula \u02bbo ia i\u0101 L\u0101nahu\u02bbimihau m\u0101: \u201c \u02bbE\u0101! He \u02bboia\u02bbi\u02bbo k\u0113l\u0101 \u02bb\u014dlelo?\u201d<\/p>\n<p>\u02bb\u012a aku \u02bbo ua \u02bbo L\u0101nahu\u02bbimihaku m\u0101: \u201c \u02bbAe, he \u02bboia\u02bbi\u02bbo, no ka mea, pili aku nei k\u0101kou i ka \u02bb\u0101ina, a he puni wale a\u02bbe n\u014d koe \u02bbo O\u02bbahu nei, \u02bba\u02bbole k\u0113l\u0101 i \u02bbae mai e pili i ko ia ala k\u0101hili, no laila, pili mai nei k\u0113l\u0101 i\u0101 loko o ka hale nei. I pili mai k\u0113l\u0101 nou, no ke Ali\u02bbi, a me n\u0101 k\u0101naka, \u02bbo ka pau n\u014d i ka make. Eo akula k\u0101kou. K\u0101hea \u02bbia aku ua Ali\u02bbi l\u0101, e ola k\u0101kou.\u201d A laila, k\u0101hea akula \u02bbo K\u0101kuhihewa: \u201cE ke Ali\u02bbi o Hawai\u02bbi \u0113! E ola. Ua eo i\u0101 \u02bboe.\u201d<\/p>\n<p>A lohe \u02bbo Lonoikamakahiki i k\u0113l\u0101 \u02bb\u014dlelo, a me ka leo k\u0101hea ma loko mai, a laila, ho\u02bbok\u014d a\u02bbela \u02bbo ia \u02bba\u02bbole e luku aku e like me k\u0101na no\u02bbono\u02bbo mua \u02bbana, a ma ka inoa o kona k\u0101n\u0101wai mau, \u201cKai \u02bbOkia K\u0101n\u0101wai\u201d, no laila, \u02bba\u02bbole he luku hou \u02bbana a Lonoikamakahiki i koe. A \u02bbo ia n\u014d ho\u02bbi ka ho\u02bbomaka mua \u02bbana o k\u0101 Lonoikamakahiki ho\u02bbop\u0101p\u0101 \u02bbana.<\/p>\n<\/div>\n<\/div>\n<\/div>\n<\/div>\n<\/div>\n<\/div>\n<\/div>\n\n","protected":false},"excerpt":{"rendered":"","protected":false},"author":1,"featured_media":0,"parent":67,"menu_order":0,"comment_status":"closed","ping_status":"closed","template":"","meta":[],"_links":{"self":[{"href":"https:\/\/ehooululahui.maui.hawaii.edu\/index.php?rest_route=\/wp\/v2\/pages\/611"}],"collection":[{"href":"https:\/\/ehooululahui.maui.hawaii.edu\/index.php?rest_route=\/wp\/v2\/pages"}],"about":[{"href":"https:\/\/ehooululahui.maui.hawaii.edu\/index.php?rest_route=\/wp\/v2\/types\/page"}],"author":[{"embeddable":true,"href":"https:\/\/ehooululahui.maui.hawaii.edu\/index.php?rest_route=\/wp\/v2\/users\/1"}],"replies":[{"embeddable":true,"href":"https:\/\/ehooululahui.maui.hawaii.edu\/index.php?rest_route=%2Fwp%2Fv2%2Fcomments&post=611"}],"version-history":[{"count":1,"href":"https:\/\/ehooululahui.maui.hawaii.edu\/index.php?rest_route=\/wp\/v2\/pages\/611\/revisions"}],"predecessor-version":[{"id":612,"href":"https:\/\/ehooululahui.maui.hawaii.edu\/index.php?rest_route=\/wp\/v2\/pages\/611\/revisions\/612"}],"up":[{"embeddable":true,"href":"https:\/\/ehooululahui.maui.hawaii.edu\/index.php?rest_route=\/wp\/v2\/pages\/67"}],"wp:attachment":[{"href":"https:\/\/ehooululahui.maui.hawaii.edu\/index.php?rest_route=%2Fwp%2Fv2%2Fmedia&parent=611"}],"curies":[{"name":"wp","href":"https:\/\/api.w.org\/{rel}","templated":true}]}}